{"text_format":"1","workbook":"xlsx","n_sheets":5,"sheets":["Sensitivity Analysis Tool","potential parameter values","change_CR_results","eliminate_OLA_results","repeal_ATR_results"],"not_rendered":{"charts":0,"images":11,"macros":1,"external_links":0,"defined_names":1,"comments":0,"pivot_tables":0},"unopened":[],"bounds":{"document_bytes":16777216,"sheet_cells":100000,"rows_first":2000,"rows_last":500,"rows_between":2000,"halvings":0,"cell_chars":16384,"cell_head_chars":4096},"cells_cut":0,"cells_raw":0,"read":"whole","date_system":"1900"}

{"sheet":"Sensitivity Analysis Tool","index":0,"n_rows":57,"n_cols":7,"rows_kept":57,"cut":false,"hidden":false,"merged":[[4,0,4,3],[30,0,31,0],[14,0,15,0],[7,0,8,0],[22,0,23,0],[28,0,29,0],[7,3,8,6],[26,3,28,6],[13,3,15,6]]}
["This workbook supplements the Congressional Budget Office's September 2019 report Financial Regulation and the Federal Budget."]
["www.cbo.gov/publication/55586"]
[]
[]
["In its report Financial Regulation and the Federal Budget, CBO analyzes three illustrative polices and finds that the largest budgetary effects of implementing them would stem from macroeconomic feedback. The projections underlying that analysis are highly uncertain because they rely on estimates of probabilities of rare events and on parameters representing how policies might affect outcomes such as bank failures and financial crises. \n\nTo illustrate the sensitivity of the agency’s projections to selected parameters, CBO has developed this interactive tool, which allows users to choose alternative values for key parameters and see how the resulting projections differ from those in the report."]
["Parameter","Value",null,null,"Lower Capital Requirements by 1 Percentage Point","Eliminate Orderly Liquidation Authority","Repeal the\nAbility-to-Repay\nMortgage Rule"]
["General"]
["Likelihood of a Financial Crisis in Any Given Year",null,null,"Direct Budgetary Effects of the Three Illustrative Policies, 2020 to 2029\n(Billions of dollars)"]
[]
["Capital Requirements",null,null,"Effects on Revenues",{"$f":"INDEX(change_CR_results!G:G,'Sensitivity Analysis Tool'!C44)","v":0.17499999999999999},{"$f":"INDEX(eliminate_OLA_results!E:E,'Sensitivity Analysis Tool'!C45)","v":5.819},0]
["Policy: Change in Capital Requirements",null,null,"Effects on Noninterest Outlays",{"$f":"INDEX(change_CR_results!H:H,'Sensitivity Analysis Tool'!C44)","v":-5.8000000000000003E-2},{"$f":"INDEX(eliminate_OLA_results!F:F,'Sensitivity Analysis Tool'!C45)","v":19.504999999999999},{"$f":"INDEX(repeal_ATR_results!F:F,'Sensitivity Analysis Tool'!C46)","v":0.48499999999999999}]
[null,null,null,"Increase or Decrease (-) in the Deficit",{"$f":"INDEX(change_CR_results!I:I,'Sensitivity Analysis Tool'!C44)","v":-0.23300000000000001},{"$f":"INDEX(eliminate_OLA_results!G:G,'Sensitivity Analysis Tool'!C45)","v":13.686},{"$f":"INDEX(repeal_ATR_results!G:G,'Sensitivity Analysis Tool'!C46)","v":0.42599999999999999}]
[]
[null,null,null,"Macroeconomic Feedback Under Baseline Economic Conditions, 2020 to 2029\n(Billions of dollars)"]
["Change in Bank Failure Rate for Each Percentage-Point Change in Capital"]
[]
["Change in Deposit Insurance Premium Rate for Each Percentage-Point Change in Capital",null,null,"Effects on Revenues"]
[null,null,null,"From change in financing mix",{"$f":"INDEX(change_CR_results!K:K,'Sensitivity Analysis Tool'!C44)","v":-17.780999999999999},0,0]
["  Effect on Tax Liability of a 1 Percentage-Point Increase in Debt",null,null,"From increase in gross domestic product",{"$f":"INDEX(change_CR_results!J:J,'Sensitivity Analysis Tool'!C44)","v":3.7029999999999998},0,{"$f":"INDEX(repeal_ATR_results!H:H,'Sensitivity Analysis Tool'!C46)","v":0.71699999999999997}]
[null,null,null,"Total",{"$f":"INDEX(change_CR_results!L:L,'Sensitivity Analysis Tool'!C44)","v":-14.077999999999999},0,{"$f":"G19","v":0.71699999999999997}]
["Orderly Liquidation Authority",null,null,"Effects on Outlays"]
[null,null,null,"Noninterest outlays",{"$f":"INDEX(change_CR_results!M:M,'Sensitivity Analysis Tool'!C44)","v":0.52400000000000002},0,{"$f":"INDEX(repeal_ATR_results!I:I,'Sensitivity Analysis Tool'!C46)","v":0}]
["Effect of Orderly Liquidation Authority on Likelihood of a Financial Crisis",null,null,"Interest outlays",{"$f":"INDEX(change_CR_results!N:N,'Sensitivity Analysis Tool'!C44)","v":-0.872},0,{"$f":"INDEX(repeal_ATR_results!J:J,'Sensitivity Analysis Tool'!C46)","v":0}]
[null,null,null,"Total",{"$f":"INDEX(change_CR_results!O:O,'Sensitivity Analysis Tool'!C44)","v":-0.34799999999999998},0,{"$f":"INDEX(repeal_ATR_results!K:K,'Sensitivity Analysis Tool'!C46)","v":0}]
["Percentage of Financial Crises That Would Be More Severe If Orderly Liquidation Authority Was Eliminated",null,null,"Increase or Decrease (-) in the Deficit",{"$f":"INDEX(change_CR_results!P:P,'Sensitivity Analysis Tool'!C44)","v":13.728999999999999},0,{"$f":"INDEX(repeal_ATR_results!L:L,'Sensitivity Analysis Tool'!C46)","v":-0.71699999999999997}]
[]
["Ability-to-Repay Rule",null,null,"Macroeconomic Feedback Stemming From the Illustrative Policies’ Effects  \non the Likelihood and Severity of Financial Crises, 2020 to 2029\n(Billions of dollars)"]
[]
["Change in Bank Failure Rate If the Ability-to-Repay Rule Was Eliminated"]
[null,null,null,"Effects on Revenues",{"$f":"INDEX(change_CR_results!Q:Q,'Sensitivity Analysis Tool'!C44)","v":-66.364000000000004},{"$f":"INDEX(eliminate_OLA_results!O:O,'Sensitivity Analysis Tool'!C45)","v":-141.86099999999999},{"$f":"INDEX(repeal_ATR_results!M:M,'Sensitivity Analysis Tool'!C46)","v":-3.3180000000000001}]
["Effective Tax Rate on Services From Owner-Occupied Housing"]
[null,null,null,"Effects on Outlays"]
[null,null,null,"Noninterest outlays",{"$f":"INDEX(change_CR_results!R:R,'Sensitivity Analysis Tool'!C44)","v":1.357},{"$f":"INDEX(eliminate_OLA_results!P:P,'Sensitivity Analysis Tool'!C45)","v":7.2290000000000001},{"$f":"INDEX(repeal_ATR_results!N:N,'Sensitivity Analysis Tool'!C46)","v":6.8000000000000005E-2}]
[null,null,null,"Interest outlays",{"$f":"INDEX(change_CR_results!S:S,'Sensitivity Analysis Tool'!C44)","v":-31.266999999999999},{"$f":"INDEX(eliminate_OLA_results!Q:Q,'Sensitivity Analysis Tool'!C45)","v":-21.399000000000001},{"$f":"INDEX(repeal_ATR_results!O:O,'Sensitivity Analysis Tool'!C46)","v":-1.5629999999999999}]
[null,null,null,"Total",{"$f":"INDEX(change_CR_results!T:T,'Sensitivity Analysis Tool'!C44)","v":-29.91},{"$f":"INDEX(eliminate_OLA_results!R:R,'Sensitivity Analysis Tool'!C45)","v":-14.17},{"$f":"INDEX(repeal_ATR_results!P:P,'Sensitivity Analysis Tool'!C46)","v":-1.496}]
[]
[null,null,null,"Increase or Decrease (-) in the Deficit",{"$f":"INDEX(change_CR_results!U:U,'Sensitivity Analysis Tool'!C44)","v":36.454000000000001},{"$f":"INDEX(eliminate_OLA_results!S:S,'Sensitivity Analysis Tool'!C45)","v":127.691},{"$f":"INDEX(repeal_ATR_results!Q:Q,'Sensitivity Analysis Tool'!C46)","v":1.823}]
[]
[]
[]
[]
[]
[]
[-0.01,{"$f":"A46","v":1.4999999999999999E-2},{"$f":"MATCH(A46&A44&A49&A50&A51,change_CR_results!B:B&change_CR_results!C:C&change_CR_results!D:D&change_CR_results!E:E&change_CR_results!F:F,0)","v":123}]
[null,null,{"$f":"MATCH(A46&A53&A54,eliminate_OLA_results!B:B&eliminate_OLA_results!C:C&eliminate_OLA_results!D:D,0)","v":15}]
[1.4999999999999999E-2,{"$f":"A46","v":1.4999999999999999E-2},{"$f":"MATCH(A46&A56&A57,repeal_ATR_results!B:B&repeal_ATR_results!C:C&repeal_ATR_results!D:D,0)","v":15}]
[]
[0.01,{"$f":"A48","v":0.01}]
[0.2,{"$f":"A49","v":0.2}]
[0.3,{"$f":"A50","v":0.3}]
[-0.8,{"$f":"A51","v":-0.8}]
[]
[0.33300000000000002,{"$f":"A53","v":0.33300000000000002}]
[0,{"$f":"A54","v":0}]
[]
[0.01,{"$f":"A56","v":0.01}]
[0.04,{"$f":"A57","v":0.04}]

{"sheet":"potential parameter values","index":1,"n_rows":25,"n_cols":6,"rows_kept":25,"cut":false,"hidden":true,"merged":[[20,4,21,5],[0,2,0,3],[6,2,6,3],[6,4,6,5],[11,2,11,3],[11,4,11,5],[16,4,16,5],[16,2,16,3]]}
[null,null,null,null,"Annual Probability of a Financial Crisis that Disrupts Economy"]
[null,null,null,null,"1 percent",0.01]
[null,null,null,null,"1.5 percent (central estimate)",1.4999999999999999E-2]
[null,null,null,null,"2 percent",0.02]
[]
[]
[null,null,"Change in Capital Requirements",null,"Change in Bank Failure Rate for Each Percentage-Point Change in Capital"]
[null,null,"2 percent lower",-0.02,"5 percent",0.05]
[null,null,"1 percent lower (central estimate)",-0.01,"20 percent (central estimate)",0.2]
[null,null,"1 percent higher",0.01,"60 percent",0.6]
[]
[null,null,"Change in Deposit Insurance Premium Rate for Each Percentage-Point Change in Capital",null,"Effect on Tax Liability of a 1 Percentage Point Increase in Debt"]
[null,null,"0 basis points",0,0,0]
[null,null,"0.3 basis points (central estimate)",0.3,"-0.8 basis points (central estimate)",-0.8]
[null,null,"1 basis point",1,"-1.5 basis points",-1.5]
[]
[null,null,"Percentage of Financial Crises that Would be More Severe if Orderly Liquidation Authority Was Eliminated",null,"Effect of Orderly Liquidation Authority on the Likelihood of a Crisis"]
[null,null,"0 percent",0,"10 percent",0.1]
[null,null,"33.3 percent (central estimate)",0.33300000000000002,"0 percent (central estimate)",0]
[null,null,"50 percent",0.5,"-10 percent",-0.1]
[null,null,null,null,"Effective Tax Rate on Services From Owner-Occupied Housing"]
[null,null,"Change in Bank Failure Rate if the Ability-to-Repay Rule was Repealed"]
[null,null,"None",0,"-5 percent",-0.05]
[null,null,"1 percent (central estimate)",0.01,"4 percent (central estimate)",0.04]
[null,null,"2 percent",0.02,"10 percent",0.1]

{"sheet":"change_CR_results","index":2,"n_rows":244,"n_cols":21,"rows_kept":244,"cut":false,"hidden":true,"merged":[]}
[null,"prob_crisis","CR_change","CR_failure","premium_change","tax_change","direct_revenues_total","direct_outlays_total","direct_primary_deficit","noncrisis_revenues_gdp_growth","noncrisis_revenues_financing_mix","noncrisis_revenues_total","noncrisis_outlays_noninterest","noncrisis_outlays_interest","noncrisis_outlays_total","noncrisis_primary_deficit","crisis_revenues_total","crisis_outlays_noninterest","crisis_outlays_interest","crisis_outlays_total","crisis_primary_deficit"]
[0,0.01,-0.02,0.05,0,0,8.6999999999999994E-2,3.1869999999999998,3.1,3.6869999999999998,0,3.6869999999999998,0.52100000000000002,-0.86799999999999999,-0.34699999999999998,-4.0330000000000004,-22.998999999999999,0.48299999999999998,-10.807,-10.324,12.675000000000001]
[1,0.01,-0.02,0.05,0,-0.8,8.6999999999999994E-2,3.1869999999999998,3.1,5.1260000000000003,-35.561999999999998,-30.437000000000001,0.72499999999999998,-1.2070000000000001,-0.48199999999999998,29.954000000000001,-22.998999999999999,0.48299999999999998,-10.807,-10.324,12.675000000000001]
[2,0.01,-0.02,0.05,0,-1.5,8.6999999999999994E-2,3.1869999999999998,3.1,6.3849999999999998,-66.680000000000007,-60.295000000000002,0.90300000000000002,-1.504,-0.60099999999999998,59.694000000000003,-22.998999999999999,0.48299999999999998,-10.807,-10.324,12.675000000000001]
[3,0.01,-0.02,0.05,0.3,0,8.6999999999999994E-2,-9.6780000000000008,-9.7650000000000006,3.1469999999999998,0,3.1469999999999998,0.44500000000000001,-0.74099999999999999,-0.29599999999999999,-3.4430000000000001,-22.998999999999999,0.48299999999999998,-10.807,-10.324,12.675000000000001]
[4,0.01,-0.02,0.05,0.3,-0.8,8.6999999999999994E-2,-9.6780000000000008,-9.7650000000000006,4.5860000000000003,-35.561999999999998,-30.975999999999999,0.64900000000000002,-1.08,-0.43099999999999999,30.545000000000002,-22.998999999999999,0.48299999999999998,-10.807,-10.324,12.675000000000001]
[5,0.01,-0.02,0.05,0.3,-1.5,8.6999999999999994E-2,-9.6780000000000008,-9.7650000000000006,5.8449999999999998,-66.680000000000007,-60.834000000000003,0.82699999999999996,-1.377,-0.55000000000000004,60.283999999999999,-22.998999999999999,0.48299999999999998,-10.807,-10.324,12.675000000000001]
[6,0.01,-0.02,0.05,1,0,8.6999999999999994E-2,-39.695,-39.781999999999996,1.8879999999999999,0,1.8879999999999999,0.26700000000000002,-0.44500000000000001,-0.17799999999999999,-2.0649999999999999,-22.998999999999999,0.48299999999999998,-10.807,-10.324,12.675000000000001]
[7,0.01,-0.02,0.05,1,-0.8,8.6999999999999994E-2,-39.695,-39.781999999999996,3.327,-35.561999999999998,-32.235999999999997,0.47099999999999997,-0.78400000000000003,-0.313,31.922999999999998,-22.998999999999999,0.48299999999999998,-10.807,-10.324,12.675000000000001]
[8,0.01,-0.02,0.05,1,-1.5,8.6999999999999994E-2,-39.695,-39.781999999999996,4.5860000000000003,-66.680000000000007,-62.093000000000004,0.64900000000000002,-1.08,-0.43099999999999999,61.661999999999999,-22.998999999999999,0.48299999999999998,-10.807,-10.324,12.675000000000001]
[9,0.01,-0.02,0.2,0,0,0.34899999999999998,12.749000000000001,12.4,7.3940000000000001,0,7.3940000000000001,1.046,-1.7410000000000001,-0.69599999999999995,-8.0890000000000004,-98.728999999999999,2.0739999999999998,-46.393000000000001,-44.319000000000003,54.41]
[10,0.01,-0.02,0.2,0,-0.8,0.34899999999999998,12.749000000000001,12.4,8.8330000000000002,-35.561999999999998,-26.73,1.2490000000000001,-2.08,-0.83099999999999996,25.899000000000001,-98.728999999999999,2.0739999999999998,-46.393000000000001,-44.319000000000003,54.41]
[11,0.01,-0.02,0.2,0,-1.5,0.34899999999999998,12.749000000000001,12.4,10.092000000000001,-66.680000000000007,-56.587000000000003,1.4279999999999999,-2.3769999999999998,-0.94899999999999995,55.637999999999998,-98.728999999999999,2.0739999999999998,-46.393000000000001,-44.319000000000003,54.41]
[12,0.01,-0.02,0.2,0.3,0,0.34899999999999998,-0.11600000000000001,-0.46500000000000002,6.8540000000000001,0,6.8540000000000001,0.96899999999999997,-1.6140000000000001,-0.64500000000000002,-7.4989999999999997,-98.728999999999999,2.0739999999999998,-46.393000000000001,-44.319000000000003,54.41]
[13,0.01,-0.02,0.2,0.3,-0.8,0.34899999999999998,-0.11600000000000001,-0.46500000000000002,8.2929999999999993,-35.561999999999998,-27.268999999999998,1.173,-1.9530000000000001,-0.78,26.489000000000001,-98.728999999999999,2.0739999999999998,-46.393000000000001,-44.319000000000003,54.41]
[14,0.01,-0.02,0.2,0.3,-1.5,0.34899999999999998,-0.11600000000000001,-0.46500000000000002,9.5519999999999996,-66.680000000000007,-57.127000000000002,1.351,-2.25,-0.89900000000000002,56.228000000000002,-98.728999999999999,2.0739999999999998,-46.393000000000001,-44.319000000000003,54.41]
[15,0.01,-0.02,0.2,1,0,0.34899999999999998,-30.134,-30.483000000000001,5.5949999999999998,0,5.5949999999999998,0.79100000000000004,-1.3180000000000001,-0.52600000000000002,-6.1210000000000004,-98.728999999999999,2.0739999999999998,-46.393000000000001,-44.319000000000003,54.41]
[16,0.01,-0.02,0.2,1,-0.8,0.34899999999999998,-30.134,-30.483000000000001,7.0339999999999998,-35.561999999999998,-28.527999999999999,0.995,-1.657,-0.66200000000000003,27.867000000000001,-98.728999999999999,2.0739999999999998,-46.393000000000001,-44.319000000000003,54.41]
[17,0.01,-0.02,0.2,1,-1.5,0.34899999999999998,-30.134,-30.483000000000001,8.2929999999999993,-66.680000000000007,-58.386000000000003,1.173,-1.9530000000000001,-0.78,57.606000000000002,-98.728999999999999,2.0739999999999998,-46.393000000000001,-44.319000000000003,54.41]
[18,0.01,-0.02,0.6,0,0,1.0469999999999999,38.246000000000002,37.198999999999998,18.757999999999999,0,18.757999999999999,2.653,-4.4180000000000001,-1.7649999999999999,-20.523,-350.03800000000001,7.3529999999999998,-164.483,-157.12899999999999,192.90799999999999]
[19,0.01,-0.02,0.6,0,-0.8,1.0469999999999999,38.246000000000002,37.198999999999998,20.196999999999999,-35.561999999999998,-15.365,2.8570000000000002,-4.7569999999999997,-1.9,13.465,-350.03800000000001,7.3529999999999998,-164.483,-157.12899999999999,192.90799999999999]
[20,0.01,-0.02,0.6,0,-1.5,1.0469999999999999,38.246000000000002,37.198999999999998,21.456,-66.680000000000007,-45.222999999999999,3.0350000000000001,-5.0540000000000003,-2.0190000000000001,43.204000000000001,-350.03800000000001,7.3529999999999998,-164.483,-157.12899999999999,192.90799999999999]
[21,0.01,-0.02,0.6,0.3,0,1.0469999999999999,25.381,24.334,18.218,0,18.218,2.577,-4.2910000000000004,-1.714,-19.931999999999999,-350.03800000000001,7.3529999999999998,-164.483,-157.12899999999999,192.90799999999999]
[22,0.01,-0.02,0.6,0.3,-0.8,1.0469999999999999,25.381,24.334,19.658000000000001,-35.561999999999998,-15.904999999999999,2.7810000000000001,-4.63,-1.849,14.055,-350.03800000000001,7.3529999999999998,-164.483,-157.12899999999999,192.90799999999999]
[23,0.01,-0.02,0.6,0.3,-1.5,1.0469999999999999,25.381,24.334,20.917000000000002,-66.680000000000007,-45.762999999999998,2.9590000000000001,-4.9260000000000002,-1.968,43.795000000000002,-350.03800000000001,7.3529999999999998,-164.483,-157.12899999999999,192.90799999999999]
[24,0.01,-0.02,0.6,1,0,1.0469999999999999,-4.6360000000000001,-5.6840000000000002,16.959,0,16.959,2.399,-3.9940000000000002,-1.595,-18.555,-350.03800000000001,7.3529999999999998,-164.483,-157.12899999999999,192.90799999999999]
[25,0.01,-0.02,0.6,1,-0.8,1.0469999999999999,-4.6360000000000001,-5.6840000000000002,18.398,-35.561999999999998,-17.164000000000001,2.6019999999999999,-4.3330000000000002,-1.7310000000000001,15.433,-350.03800000000001,7.3529999999999998,-164.483,-157.12899999999999,192.90799999999999]
[26,0.01,-0.02,0.6,1,-1.5,1.0469999999999999,-4.6360000000000001,-5.6840000000000002,19.658000000000001,-66.680000000000007,-47.021999999999998,2.7810000000000001,-4.63,-1.849,45.173000000000002,-350.03800000000001,7.3529999999999998,-164.483,-157.12899999999999,192.90799999999999]
[27,0.01,-0.01,0.05,0,0,4.3999999999999997E-2,1.5940000000000001,1.55,1.6659999999999999,0,1.6659999999999999,0.23599999999999999,-0.39200000000000002,-0.157,-1.823,-11.218999999999999,0.23599999999999999,-5.2720000000000002,-5.0359999999999996,6.1829999999999998]
[28,0.01,-0.01,0.05,0,-0.8,4.3999999999999997E-2,1.5940000000000001,1.55,2.3860000000000001,-17.780999999999999,-15.396000000000001,0.33700000000000002,-0.56200000000000006,-0.224,15.170999999999999,-11.218999999999999,0.23599999999999999,-5.2720000000000002,-5.0359999999999996,6.1829999999999998]
[29,0.01,-0.01,0.05,0,-1.5,4.3999999999999997E-2,1.5940000000000001,1.55,3.0150000000000001,-33.340000000000003,-30.324999999999999,0.42599999999999999,-0.71,-0.28399999999999997,30.041,-11.218999999999999,0.23599999999999999,-5.2720000000000002,-5.0359999999999996,6.1829999999999998]
[30,0.01,-0.01,0.05,0.3,0,4.3999999999999997E-2,-4.8390000000000004,-4.8819999999999997,1.3959999999999999,0,1.3959999999999999,0.19700000000000001,-0.32900000000000001,-0.13100000000000001,-1.528,-11.218999999999999,0.23599999999999999,-5.2720000000000002,-5.0359999999999996,6.1829999999999998]
[31,0.01,-0.01,0.05,0.3,-0.8,4.3999999999999997E-2,-4.8390000000000004,-4.8819999999999997,2.1160000000000001,-17.780999999999999,-15.664999999999999,0.29899999999999999,-0.498,-0.19900000000000001,15.465999999999999,-11.218999999999999,0.23599999999999999,-5.2720000000000002,-5.0359999999999996,6.1829999999999998]
[32,0.01,-0.01,0.05,0.3,-1.5,4.3999999999999997E-2,-4.8390000000000004,-4.8819999999999997,2.7450000000000001,-33.340000000000003,-30.594000000000001,0.38800000000000001,-0.64700000000000002,-0.25800000000000001,30.335999999999999,-11.218999999999999,0.23599999999999999,-5.2720000000000002,-5.0359999999999996,6.1829999999999998]
[33,0.01,-0.01,0.05,1,0,4.3999999999999997E-2,-19.847999999999999,-19.890999999999998,0.76700000000000002,0,0.76700000000000002,0.108,-0.18099999999999999,-7.1999999999999995E-2,-0.83899999999999997,-11.218999999999999,0.23599999999999999,-5.2720000000000002,-5.0359999999999996,6.1829999999999998]
[34,0.01,-0.01,0.05,1,-0.8,4.3999999999999997E-2,-19.847999999999999,-19.890999999999998,1.486,-17.780999999999999,-16.295000000000002,0.21,-0.35,-0.14000000000000001,16.155000000000001,-11.218999999999999,0.23599999999999999,-5.2720000000000002,-5.0359999999999996,6.1829999999999998]
[35,0.01,-0.01,0.05,1,-1.5,4.3999999999999997E-2,-19.847999999999999,-19.890999999999998,2.1160000000000001,-33.340000000000003,-31.224,0.29899999999999999,-0.498,-0.19900000000000001,31.024999999999999,-11.218999999999999,0.23599999999999999,-5.2720000000000002,-5.0359999999999996,6.1829999999999998]
[36,0.01,-0.01,0.2,0,0,0.17499999999999999,6.3739999999999997,6.2,3.254,0,3.254,0.46,-0.76600000000000001,-0.30599999999999999,-3.56,-44.877000000000002,0.94299999999999995,-21.088000000000001,-20.145,24.731999999999999]
[37,0.01,-0.01,0.2,0,-0.8,0.17499999999999999,6.3739999999999997,6.2,3.9729999999999999,-17.780999999999999,-13.808,0.56200000000000006,-0.93600000000000005,-0.374,13.433999999999999,-44.877000000000002,0.94299999999999995,-21.088000000000001,-20.145,24.731999999999999]
[38,0.01,-0.01,0.2,0,-1.5,0.17499999999999999,6.3739999999999997,6.2,4.6029999999999998,-33.340000000000003,-28.736999999999998,0.65100000000000002,-1.0840000000000001,-0.433,28.303999999999998,-44.877000000000002,0.94299999999999995,-21.088000000000001,-20.145,24.731999999999999]
[39,0.01,-0.01,0.2,0.3,0,0.17499999999999999,-5.8000000000000003E-2,-0.23300000000000001,2.984,0,2.984,0.42199999999999999,-0.70299999999999996,-0.28100000000000003,-3.2639999999999998,-44.877000000000002,0.94299999999999995,-21.088000000000001,-20.145,24.731999999999999]
[40,0.01,-0.01,0.2,0.3,-0.8,0.17499999999999999,-5.8000000000000003E-2,-0.23300000000000001,3.7029999999999998,-17.780999999999999,-14.077999999999999,0.52400000000000002,-0.872,-0.34799999999999998,13.728999999999999,-44.877000000000002,0.94299999999999995,-21.088000000000001,-20.145,24.731999999999999]
[41,0.01,-0.01,0.2,0.3,-1.5,0.17499999999999999,-5.8000000000000003E-2,-0.23300000000000001,4.3330000000000002,-33.340000000000003,-29.007000000000001,0.61299999999999999,-1.0209999999999999,-0.40799999999999997,28.599,-44.877000000000002,0.94299999999999995,-21.088000000000001,-20.145,24.731999999999999]
[42,0.01,-0.01,0.2,1,0,0.17499999999999999,-15.067,-15.241,2.3540000000000001,0,2.3540000000000001,0.33300000000000002,-0.55400000000000005,-0.221,-2.5760000000000001,-44.877000000000002,0.94299999999999995,-21.088000000000001,-20.145,24.731999999999999]
[43,0.01,-0.01,0.2,1,-0.8,0.17499999999999999,-15.067,-15.241,3.0739999999999998,-17.780999999999999,-14.708,0.435,-0.72399999999999998,-0.28899999999999998,14.417999999999999,-44.877000000000002,0.94299999999999995,-21.088000000000001,-20.145,24.731999999999999]
[44,0.01,-0.01,0.2,1,-1.5,0.17499999999999999,-15.067,-15.241,3.7029999999999998,-33.340000000000003,-29.635999999999999,0.52400000000000002,-0.872,-0.34799999999999998,29.288,-44.877000000000002,0.94299999999999995,-21.088000000000001,-20.145,24.731999999999999]
[45,0.01,-0.01,0.6,0,0,0.52400000000000002,19.123000000000001,18.599,7.3410000000000002,0,7.3410000000000002,1.038,-1.7290000000000001,-0.69099999999999995,-8.0310000000000006,-134.63,2.8279999999999998,-63.262999999999998,-60.433999999999997,74.195999999999998]
[46,0.01,-0.01,0.6,0,-0.8,0.52400000000000002,19.123000000000001,18.599,8.06,-17.780999999999999,-9.7210000000000001,1.1399999999999999,-1.8979999999999999,-0.75800000000000001,8.9619999999999997,-134.63,2.8279999999999998,-63.262999999999998,-60.433999999999997,74.195999999999998]
[47,0.01,-0.01,0.6,0,-1.5,0.52400000000000002,19.123000000000001,18.599,8.69,-33.340000000000003,-24.65,1.2290000000000001,-2.0470000000000002,-0.81799999999999995,23.832000000000001,-134.63,2.8279999999999998,-63.262999999999998,-60.433999999999997,74.195999999999998]
[48,0.01,-0.01,0.6,0.3,0,0.52400000000000002,12.691000000000001,12.167,7.0709999999999997,0,7.0709999999999997,1,-1.665,-0.66500000000000004,-7.7359999999999998,-134.63,2.8279999999999998,-63.262999999999998,-60.433999999999997,74.195999999999998]
[49,0.01,-0.01,0.6,0.3,-0.8,0.52400000000000002,12.691000000000001,12.167,7.7910000000000004,-17.780999999999999,-9.9909999999999997,1.1020000000000001,-1.835,-0.73299999999999998,9.2579999999999991,-134.63,2.8279999999999998,-63.262999999999998,-60.433999999999997,74.195999999999998]
[50,0.01,-0.01,0.6,0.3,-1.5,0.52400000000000002,12.691000000000001,12.167,8.42,-33.340000000000003,-24.92,1.1910000000000001,-1.9830000000000001,-0.79200000000000004,24.126999999999999,-134.63,2.8279999999999998,-63.262999999999998,-60.433999999999997,74.195999999999998]
[51,0.01,-0.01,0.6,1,0,0.52400000000000002,-2.3180000000000001,-2.8420000000000001,6.4409999999999998,0,6.4409999999999998,0.91100000000000003,-1.5169999999999999,-0.60599999999999998,-7.0469999999999997,-134.63,2.8279999999999998,-63.262999999999998,-60.433999999999997,74.195999999999998]
[52,0.01,-0.01,0.6,1,-0.8,0.52400000000000002,-2.3180000000000001,-2.8420000000000001,7.1609999999999996,-17.780999999999999,-10.62,1.0129999999999999,-1.6870000000000001,-0.67400000000000004,9.9469999999999992,-134.63,2.8279999999999998,-63.262999999999998,-60.433999999999997,74.195999999999998]
[53,0.01,-0.01,0.6,1,-1.5,0.52400000000000002,-2.3180000000000001,-2.8420000000000001,7.7910000000000004,-33.340000000000003,-25.548999999999999,1.1020000000000001,-1.835,-0.73299999999999998,24.815999999999999,-134.63,2.8279999999999998,-63.262999999999998,-60.433999999999997,74.195999999999998]
[54,0.01,0.01,0.05,0,0,-4.3999999999999997E-2,-1.5940000000000001,-1.55,-1.4159999999999999,0,-1.4159999999999999,-0.2,0.33300000000000002,0.13300000000000001,1.5489999999999999,10.685,-0.224,5.0209999999999999,4.7960000000000003,-5.8890000000000002]
[55,0.01,0.01,0.05,0,-0.8,-4.3999999999999997E-2,-1.5940000000000001,-1.55,-2.1349999999999998,17.780999999999999,15.646000000000001,-0.30199999999999999,0.503,0.20100000000000001,-15.445,10.685,-0.224,5.0209999999999999,4.7960000000000003,-5.8890000000000002]
[56,0.01,0.01,0.05,0,-1.5,-4.3999999999999997E-2,-1.5940000000000001,-1.55,-2.7650000000000001,33.340000000000003,30.574999999999999,-0.39100000000000001,0.65100000000000002,0.26,-30.315000000000001,10.685,-0.224,5.0209999999999999,4.7960000000000003,-5.8890000000000002]
[57,0.01,0.01,0.05,0.3,0,-4.3999999999999997E-2,4.8390000000000004,4.8819999999999997,-1.1459999999999999,0,-1.1459999999999999,-0.16200000000000001,0.27,0.108,1.254,10.685,-0.224,5.0209999999999999,4.7960000000000003,-5.8890000000000002]
[58,0.01,0.01,0.05,0.3,-0.8,-4.3999999999999997E-2,4.8390000000000004,4.8819999999999997,-1.8660000000000001,17.780999999999999,15.916,-0.26400000000000001,0.439,0.17599999999999999,-15.74,10.685,-0.224,5.0209999999999999,4.7960000000000003,-5.8890000000000002]
[59,0.01,0.01,0.05,0.3,-1.5,-4.3999999999999997E-2,4.8390000000000004,4.8819999999999997,-2.4950000000000001,33.340000000000003,30.844999999999999,-0.35299999999999998,0.58799999999999997,0.23499999999999999,-30.61,10.685,-0.224,5.0209999999999999,4.7960000000000003,-5.8890000000000002]
[60,0.01,0.01,0.05,1,0,-4.3999999999999997E-2,19.847999999999999,19.890999999999998,-0.51600000000000001,0,-0.51600000000000001,-7.2999999999999995E-2,0.122,4.9000000000000002E-2,0.56499999999999995,10.685,-0.224,5.0209999999999999,4.7960000000000003,-5.8890000000000002]
[61,0.01,0.01,0.05,1,-0.8,-4.3999999999999997E-2,19.847999999999999,19.890999999999998,-1.236,17.780999999999999,16.545000000000002,-0.17499999999999999,0.29099999999999998,0.11600000000000001,-16.428999999999998,10.685,-0.224,5.0209999999999999,4.7960000000000003,-5.8890000000000002]
[62,0.01,0.01,0.05,1,-1.5,-4.3999999999999997E-2,19.847999999999999,19.890999999999998,-1.8660000000000001,33.340000000000003,31.474,-0.26400000000000001,0.439,0.17599999999999999,-31.298999999999999,10.685,-0.224,5.0209999999999999,4.7960000000000003,-5.8890000000000002]
[63,0.01,0.01,0.2,0,0,-0.17499999999999999,-6.3739999999999997,-6.2,-2.6040000000000001,0,-2.6040000000000001,-0.36799999999999999,0.61299999999999999,0.245,2.8490000000000002,37.396999999999998,-0.78600000000000003,17.573,16.786999999999999,-20.61]
[64,0.01,0.01,0.2,0,-0.8,-0.17499999999999999,-6.3739999999999997,-6.2,-3.3239999999999998,17.780999999999999,14.457000000000001,-0.47,0.78300000000000003,0.313,-14.145,37.396999999999998,-0.78600000000000003,17.573,16.786999999999999,-20.61]
[65,0.01,0.01,0.2,0,-1.5,-0.17499999999999999,-6.3739999999999997,-6.2,-3.9529999999999998,33.340000000000003,29.385999999999999,-0.55900000000000005,0.93100000000000005,0.372,-29.013999999999999,37.396999999999998,-0.78600000000000003,17.573,16.786999999999999,-20.61]
[66,0.01,0.01,0.2,0.3,0,-0.17499999999999999,5.8000000000000003E-2,0.23300000000000001,-2.3340000000000001,0,-2.3340000000000001,-0.33,0.55000000000000004,0.22,2.5539999999999998,37.396999999999998,-0.78600000000000003,17.573,16.786999999999999,-20.61]
[67,0.01,0.01,0.2,0.3,-0.8,-0.17499999999999999,5.8000000000000003E-2,0.23300000000000001,-3.0539999999999998,17.780999999999999,14.727,-0.432,0.71899999999999997,0.28699999999999998,-14.44,37.396999999999998,-0.78600000000000003,17.573,16.786999999999999,-20.61]
[68,0.01,0.01,0.2,0.3,-1.5,-0.17499999999999999,5.8000000000000003E-2,0.23300000000000001,-3.6840000000000002,33.340000000000003,29.655999999999999,-0.52100000000000002,0.86799999999999999,0.34699999999999998,-29.31,37.396999999999998,-0.78600000000000003,17.573,16.786999999999999,-20.61]
[69,0.01,0.01,0.2,1,0,-0.17499999999999999,15.067,15.241,-1.7050000000000001,0,-1.7050000000000001,-0.24099999999999999,0.40200000000000002,0.16,1.865,37.396999999999998,-0.78600000000000003,17.573,16.786999999999999,-20.61]
[70,0.01,0.01,0.2,1,-0.8,-0.17499999999999999,15.067,15.241,-2.4239999999999999,17.780999999999999,15.356999999999999,-0.34300000000000003,0.57099999999999995,0.22800000000000001,-15.129,37.396999999999998,-0.78600000000000003,17.573,16.786999999999999,-20.61]
[71,0.01,0.01,0.2,1,-1.5,-0.17499999999999999,15.067,15.241,-3.0539999999999998,33.340000000000003,30.286000000000001,-0.432,0.71899999999999997,0.28699999999999998,-29.998000000000001,37.396999999999998,-0.78600000000000003,17.573,16.786999999999999,-20.61]
[72,0.01,0.01,0.6,0,0,-0.52400000000000002,-19.123000000000001,-18.599,-4.7439999999999998,0,-4.7439999999999998,-0.67100000000000004,1.117,0.44600000000000001,5.19,84.144000000000005,-1.768,39.539000000000001,37.771000000000001,-46.372]
[73,0.01,0.01,0.6,0,-0.8,-0.52400000000000002,-19.123000000000001,-18.599,-5.4630000000000001,17.780999999999999,12.318,-0.77300000000000002,1.2869999999999999,0.51400000000000001,-11.804,84.144000000000005,-1.768,39.539000000000001,37.771000000000001,-46.372]
[74,0.01,0.01,0.6,0,-1.5,-0.52400000000000002,-19.123000000000001,-18.599,-6.093,33.340000000000003,27.247,-0.86199999999999999,1.4350000000000001,0.57299999999999995,-26.673999999999999,84.144000000000005,-1.768,39.539000000000001,37.771000000000001,-46.372]
[75,0.01,0.01,0.6,0.3,0,-0.52400000000000002,-12.691000000000001,-12.167,-4.4740000000000002,0,-4.4740000000000002,-0.63300000000000001,1.054,0.42099999999999999,4.8949999999999996,84.144000000000005,-1.768,39.539000000000001,37.771000000000001,-46.372]
[76,0.01,0.01,0.6,0.3,-0.8,-0.52400000000000002,-12.691000000000001,-12.167,-5.1929999999999996,17.780999999999999,12.587999999999999,-0.73499999999999999,1.2230000000000001,0.48899999999999999,-12.099,84.144000000000005,-1.768,39.539000000000001,37.771000000000001,-46.372]
[77,0.01,0.01,0.6,0.3,-1.5,-0.52400000000000002,-12.691000000000001,-12.167,-5.8230000000000004,33.340000000000003,27.516999999999999,-0.82399999999999995,1.371,0.54800000000000004,-26.969000000000001,84.144000000000005,-1.768,39.539000000000001,37.771000000000001,-46.372]
[78,0.01,0.01,0.6,1,0,-0.52400000000000002,2.3180000000000001,2.8420000000000001,-3.8439999999999999,0,-3.8439999999999999,-0.54400000000000004,0.90500000000000003,0.36199999999999999,4.2060000000000004,84.144000000000005,-1.768,39.539000000000001,37.771000000000001,-46.372]
[79,0.01,0.01,0.6,1,-0.8,-0.52400000000000002,2.3180000000000001,2.8420000000000001,-4.5640000000000001,17.780999999999999,13.218,-0.64600000000000002,1.075,0.42899999999999999,-12.788,84.144000000000005,-1.768,39.539000000000001,37.771000000000001,-46.372]
[80,0.01,0.01,0.6,1,-1.5,-0.52400000000000002,2.3180000000000001,2.8420000000000001,-5.1929999999999996,33.340000000000003,28.146000000000001,-0.73499999999999999,1.2230000000000001,0.48899999999999999,-27.658000000000001,84.144000000000005,-1.768,39.539000000000001,37.771000000000001,-46.372]
[81,1.4999999999999999E-2,-0.02,0.05,0,0,8.6999999999999994E-2,3.1869999999999998,3.1,3.6869999999999998,0,3.6869999999999998,0.52100000000000002,-0.86799999999999999,-0.34699999999999998,-4.0330000000000004,-34.011000000000003,0.69499999999999995,-16.024000000000001,-15.329000000000001,18.683]
[82,1.4999999999999999E-2,-0.02,0.05,0,-0.8,8.6999999999999994E-2,3.1869999999999998,3.1,5.1260000000000003,-35.561999999999998,-30.437000000000001,0.72499999999999998,-1.2070000000000001,-0.48199999999999998,29.954000000000001,-34.011000000000003,0.69499999999999995,-16.024000000000001,-15.329000000000001,18.683]
[83,1.4999999999999999E-2,-0.02,0.05,0,-1.5,8.6999999999999994E-2,3.1869999999999998,3.1,6.3849999999999998,-66.680000000000007,-60.295000000000002,0.90300000000000002,-1.504,-0.60099999999999998,59.694000000000003,-34.011000000000003,0.69499999999999995,-16.024000000000001,-15.329000000000001,18.683]
[84,1.4999999999999999E-2,-0.02,0.05,0.3,0,8.6999999999999994E-2,-9.6780000000000008,-9.7650000000000006,3.1469999999999998,0,3.1469999999999998,0.44500000000000001,-0.74099999999999999,-0.29599999999999999,-3.4430000000000001,-34.011000000000003,0.69499999999999995,-16.024000000000001,-15.329000000000001,18.683]
[85,1.4999999999999999E-2,-0.02,0.05,0.3,-0.8,8.6999999999999994E-2,-9.6780000000000008,-9.7650000000000006,4.5860000000000003,-35.561999999999998,-30.975999999999999,0.64900000000000002,-1.08,-0.43099999999999999,30.545000000000002,-34.011000000000003,0.69499999999999995,-16.024000000000001,-15.329000000000001,18.683]
[86,1.4999999999999999E-2,-0.02,0.05,0.3,-1.5,8.6999999999999994E-2,-9.6780000000000008,-9.7650000000000006,5.8449999999999998,-66.680000000000007,-60.834000000000003,0.82699999999999996,-1.377,-0.55000000000000004,60.283999999999999,-34.011000000000003,0.69499999999999995,-16.024000000000001,-15.329000000000001,18.683]
[87,1.4999999999999999E-2,-0.02,0.05,1,0,8.6999999999999994E-2,-39.695,-39.781999999999996,1.8879999999999999,0,1.8879999999999999,0.26700000000000002,-0.44500000000000001,-0.17799999999999999,-2.0649999999999999,-34.011000000000003,0.69499999999999995,-16.024000000000001,-15.329000000000001,18.683]
[88,1.4999999999999999E-2,-0.02,0.05,1,-0.8,8.6999999999999994E-2,-39.695,-39.781999999999996,3.327,-35.561999999999998,-32.235999999999997,0.47099999999999997,-0.78400000000000003,-0.313,31.922999999999998,-34.011000000000003,0.69499999999999995,-16.024000000000001,-15.329000000000001,18.683]
[89,1.4999999999999999E-2,-0.02,0.05,1,-1.5,8.6999999999999994E-2,-39.695,-39.781999999999996,4.5860000000000003,-66.680000000000007,-62.093000000000004,0.64900000000000002,-1.08,-0.43099999999999999,61.661999999999999,-34.011000000000003,0.69499999999999995,-16.024000000000001,-15.329000000000001,18.683]
[90,1.4999999999999999E-2,-0.02,0.2,0,0,0.34899999999999998,12.749000000000001,12.4,7.3940000000000001,0,7.3940000000000001,1.046,-1.7410000000000001,-0.69599999999999995,-8.0890000000000004,-146,2.984,-68.786000000000001,-65.802000000000007,80.197999999999993]
[91,1.4999999999999999E-2,-0.02,0.2,0,-0.8,0.34899999999999998,12.749000000000001,12.4,8.8330000000000002,-35.561999999999998,-26.73,1.2490000000000001,-2.08,-0.83099999999999996,25.899000000000001,-146,2.984,-68.786000000000001,-65.802000000000007,80.197999999999993]
[92,1.4999999999999999E-2,-0.02,0.2,0,-1.5,0.34899999999999998,12.749000000000001,12.4,10.092000000000001,-66.680000000000007,-56.587000000000003,1.4279999999999999,-2.3769999999999998,-0.94899999999999995,55.637999999999998,-146,2.984,-68.786000000000001,-65.802000000000007,80.197999999999993]
[93,1.4999999999999999E-2,-0.02,0.2,0.3,0,0.34899999999999998,-0.11600000000000001,-0.46500000000000002,6.8540000000000001,0,6.8540000000000001,0.96899999999999997,-1.6140000000000001,-0.64500000000000002,-7.4989999999999997,-146,2.984,-68.786000000000001,-65.802000000000007,80.197999999999993]
[94,1.4999999999999999E-2,-0.02,0.2,0.3,-0.8,0.34899999999999998,-0.11600000000000001,-0.46500000000000002,8.2929999999999993,-35.561999999999998,-27.268999999999998,1.173,-1.9530000000000001,-0.78,26.489000000000001,-146,2.984,-68.786000000000001,-65.802000000000007,80.197999999999993]
[95,1.4999999999999999E-2,-0.02,0.2,0.3,-1.5,0.34899999999999998,-0.11600000000000001,-0.46500000000000002,9.5519999999999996,-66.680000000000007,-57.127000000000002,1.351,-2.25,-0.89900000000000002,56.228000000000002,-146,2.984,-68.786000000000001,-65.802000000000007,80.197999999999993]
[96,1.4999999999999999E-2,-0.02,0.2,1,0,0.34899999999999998,-30.134,-30.483000000000001,5.5949999999999998,0,5.5949999999999998,0.79100000000000004,-1.3180000000000001,-0.52600000000000002,-6.1210000000000004,-146,2.984,-68.786000000000001,-65.802000000000007,80.197999999999993]
[97,1.4999999999999999E-2,-0.02,0.2,1,-0.8,0.34899999999999998,-30.134,-30.483000000000001,7.0339999999999998,-35.561999999999998,-28.527999999999999,0.995,-1.657,-0.66200000000000003,27.867000000000001,-146,2.984,-68.786000000000001,-65.802000000000007,80.197999999999993]
[98,1.4999999999999999E-2,-0.02,0.2,1,-1.5,0.34899999999999998,-30.134,-30.483000000000001,8.2929999999999993,-66.680000000000007,-58.386000000000003,1.173,-1.9530000000000001,-0.78,57.606000000000002,-146,2.984,-68.786000000000001,-65.802000000000007,80.197999999999993]
[99,1.4999999999999999E-2,-0.02,0.6,0,0,1.0469999999999999,38.246000000000002,37.198999999999998,18.757999999999999,0,18.757999999999999,2.653,-4.4180000000000001,-1.7649999999999999,-20.523,-517.63800000000003,10.581,-243.87899999999999,-233.298,284.33999999999997]
[100,1.4999999999999999E-2,-0.02,0.6,0,-0.8,1.0469999999999999,38.246000000000002,37.198999999999998,20.196999999999999,-35.561999999999998,-15.365,2.8570000000000002,-4.7569999999999997,-1.9,13.465,-517.63800000000003,10.581,-243.87899999999999,-233.298,284.33999999999997]
[101,1.4999999999999999E-2,-0.02,0.6,0,-1.5,1.0469999999999999,38.246000000000002,37.198999999999998,21.456,-66.680000000000007,-45.222999999999999,3.0350000000000001,-5.0540000000000003,-2.0190000000000001,43.204000000000001,-517.63800000000003,10.581,-243.87899999999999,-233.298,284.33999999999997]
[102,1.4999999999999999E-2,-0.02,0.6,0.3,0,1.0469999999999999,25.381,24.334,18.218,0,18.218,2.577,-4.2910000000000004,-1.714,-19.931999999999999,-517.63800000000003,10.581,-243.87899999999999,-233.298,284.33999999999997]
[103,1.4999999999999999E-2,-0.02,0.6,0.3,-0.8,1.0469999999999999,25.381,24.334,19.658000000000001,-35.561999999999998,-15.904999999999999,2.7810000000000001,-4.63,-1.849,14.055,-517.63800000000003,10.581,-243.87899999999999,-233.298,284.33999999999997]
[104,1.4999999999999999E-2,-0.02,0.6,0.3,-1.5,1.0469999999999999,25.381,24.334,20.917000000000002,-66.680000000000007,-45.762999999999998,2.9590000000000001,-4.9260000000000002,-1.968,43.795000000000002,-517.63800000000003,10.581,-243.87899999999999,-233.298,284.33999999999997]
[105,1.4999999999999999E-2,-0.02,0.6,1,0,1.0469999999999999,-4.6360000000000001,-5.6840000000000002,16.959,0,16.959,2.399,-3.9940000000000002,-1.595,-18.555,-517.63800000000003,10.581,-243.87899999999999,-233.298,284.33999999999997]
[106,1.4999999999999999E-2,-0.02,0.6,1,-0.8,1.0469999999999999,-4.6360000000000001,-5.6840000000000002,18.398,-35.561999999999998,-17.164000000000001,2.6019999999999999,-4.3330000000000002,-1.7310000000000001,15.433,-517.63800000000003,10.581,-243.87899999999999,-233.298,284.33999999999997]
[107,1.4999999999999999E-2,-0.02,0.6,1,-1.5,1.0469999999999999,-4.6360000000000001,-5.6840000000000002,19.658000000000001,-66.680000000000007,-47.021999999999998,2.7810000000000001,-4.63,-1.849,45.173000000000002,-517.63800000000003,10.581,-243.87899999999999,-233.298,284.33999999999997]
[108,1.4999999999999999E-2,-0.01,0.05,0,0,4.3999999999999997E-2,1.5940000000000001,1.55,1.6659999999999999,0,1.6659999999999999,0.23599999999999999,-0.39200000000000002,-0.157,-1.823,-16.591000000000001,0.33900000000000002,-7.8170000000000002,-7.4779999999999998,9.1129999999999995]
[109,1.4999999999999999E-2,-0.01,0.05,0,-0.8,4.3999999999999997E-2,1.5940000000000001,1.55,2.3860000000000001,-17.780999999999999,-15.396000000000001,0.33700000000000002,-0.56200000000000006,-0.224,15.170999999999999,-16.591000000000001,0.33900000000000002,-7.8170000000000002,-7.4779999999999998,9.1129999999999995]
[110,1.4999999999999999E-2,-0.01,0.05,0,-1.5,4.3999999999999997E-2,1.5940000000000001,1.55,3.0150000000000001,-33.340000000000003,-30.324999999999999,0.42599999999999999,-0.71,-0.28399999999999997,30.041,-16.591000000000001,0.33900000000000002,-7.8170000000000002,-7.4779999999999998,9.1129999999999995]
[111,1.4999999999999999E-2,-0.01,0.05,0.3,0,4.3999999999999997E-2,-4.8390000000000004,-4.8819999999999997,1.3959999999999999,0,1.3959999999999999,0.19700000000000001,-0.32900000000000001,-0.13100000000000001,-1.528,-16.591000000000001,0.33900000000000002,-7.8170000000000002,-7.4779999999999998,9.1129999999999995]
[112,1.4999999999999999E-2,-0.01,0.05,0.3,-0.8,4.3999999999999997E-2,-4.8390000000000004,-4.8819999999999997,2.1160000000000001,-17.780999999999999,-15.664999999999999,0.29899999999999999,-0.498,-0.19900000000000001,15.465999999999999,-16.591000000000001,0.33900000000000002,-7.8170000000000002,-7.4779999999999998,9.1129999999999995]
[113,1.4999999999999999E-2,-0.01,0.05,0.3,-1.5,4.3999999999999997E-2,-4.8390000000000004,-4.8819999999999997,2.7450000000000001,-33.340000000000003,-30.594000000000001,0.38800000000000001,-0.64700000000000002,-0.25800000000000001,30.335999999999999,-16.591000000000001,0.33900000000000002,-7.8170000000000002,-7.4779999999999998,9.1129999999999995]
[114,1.4999999999999999E-2,-0.01,0.05,1,0,4.3999999999999997E-2,-19.847999999999999,-19.890999999999998,0.76700000000000002,0,0.76700000000000002,0.108,-0.18099999999999999,-7.1999999999999995E-2,-0.83899999999999997,-16.591000000000001,0.33900000000000002,-7.8170000000000002,-7.4779999999999998,9.1129999999999995]
[115,1.4999999999999999E-2,-0.01,0.05,1,-0.8,4.3999999999999997E-2,-19.847999999999999,-19.890999999999998,1.486,-17.780999999999999,-16.295000000000002,0.21,-0.35,-0.14000000000000001,16.155000000000001,-16.591000000000001,0.33900000000000002,-7.8170000000000002,-7.4779999999999998,9.1129999999999995]
[116,1.4999999999999999E-2,-0.01,0.05,1,-1.5,4.3999999999999997E-2,-19.847999999999999,-19.890999999999998,2.1160000000000001,-33.340000000000003,-31.224,0.29899999999999999,-0.498,-0.19900000000000001,31.024999999999999,-16.591000000000001,0.33900000000000002,-7.8170000000000002,-7.4779999999999998,9.1129999999999995]
[117,1.4999999999999999E-2,-0.01,0.2,0,0,0.17499999999999999,6.3739999999999997,6.2,3.254,0,3.254,0.46,-0.76600000000000001,-0.30599999999999999,-3.56,-66.364000000000004,1.357,-31.266999999999999,-29.91,36.454000000000001]
[118,1.4999999999999999E-2,-0.01,0.2,0,-0.8,0.17499999999999999,6.3739999999999997,6.2,3.9729999999999999,-17.780999999999999,-13.808,0.56200000000000006,-0.93600000000000005,-0.374,13.433999999999999,-66.364000000000004,1.357,-31.266999999999999,-29.91,36.454000000000001]
[119,1.4999999999999999E-2,-0.01,0.2,0,-1.5,0.17499999999999999,6.3739999999999997,6.2,4.6029999999999998,-33.340000000000003,-28.736999999999998,0.65100000000000002,-1.0840000000000001,-0.433,28.303999999999998,-66.364000000000004,1.357,-31.266999999999999,-29.91,36.454000000000001]
[120,1.4999999999999999E-2,-0.01,0.2,0.3,0,0.17499999999999999,-5.8000000000000003E-2,-0.23300000000000001,2.984,0,2.984,0.42199999999999999,-0.70299999999999996,-0.28100000000000003,-3.2639999999999998,-66.364000000000004,1.357,-31.266999999999999,-29.91,36.454000000000001]
[121,1.4999999999999999E-2,-0.01,0.2,0.3,-0.8,0.17499999999999999,-5.8000000000000003E-2,-0.23300000000000001,3.7029999999999998,-17.780999999999999,-14.077999999999999,0.52400000000000002,-0.872,-0.34799999999999998,13.728999999999999,-66.364000000000004,1.357,-31.266999999999999,-29.91,36.454000000000001]
[122,1.4999999999999999E-2,-0.01,0.2,0.3,-1.5,0.17499999999999999,-5.8000000000000003E-2,-0.23300000000000001,4.3330000000000002,-33.340000000000003,-29.007000000000001,0.61299999999999999,-1.0209999999999999,-0.40799999999999997,28.599,-66.364000000000004,1.357,-31.266999999999999,-29.91,36.454000000000001]
[123,1.4999999999999999E-2,-0.01,0.2,1,0,0.17499999999999999,-15.067,-15.241,2.3540000000000001,0,2.3540000000000001,0.33300000000000002,-0.55400000000000005,-0.221,-2.5760000000000001,-66.364000000000004,1.357,-31.266999999999999,-29.91,36.454000000000001]
[124,1.4999999999999999E-2,-0.01,0.2,1,-0.8,0.17499999999999999,-15.067,-15.241,3.0739999999999998,-17.780999999999999,-14.708,0.435,-0.72399999999999998,-0.28899999999999998,14.417999999999999,-66.364000000000004,1.357,-31.266999999999999,-29.91,36.454000000000001]
[125,1.4999999999999999E-2,-0.01,0.2,1,-1.5,0.17499999999999999,-15.067,-15.241,3.7029999999999998,-33.340000000000003,-29.635999999999999,0.52400000000000002,-0.872,-0.34799999999999998,29.288,-66.364000000000004,1.357,-31.266999999999999,-29.91,36.454000000000001]
[126,1.4999999999999999E-2,-0.01,0.6,0,0,0.52400000000000002,19.123000000000001,18.599,7.3410000000000002,0,7.3410000000000002,1.038,-1.7290000000000001,-0.69099999999999995,-8.0310000000000006,-199.09200000000001,4.07,-93.8,-89.73,109.361]
[127,1.4999999999999999E-2,-0.01,0.6,0,-0.8,0.52400000000000002,19.123000000000001,18.599,8.06,-17.780999999999999,-9.7210000000000001,1.1399999999999999,-1.8979999999999999,-0.75800000000000001,8.9619999999999997,-199.09200000000001,4.07,-93.8,-89.73,109.361]
[128,1.4999999999999999E-2,-0.01,0.6,0,-1.5,0.52400000000000002,19.123000000000001,18.599,8.69,-33.340000000000003,-24.65,1.2290000000000001,-2.0470000000000002,-0.81799999999999995,23.832000000000001,-199.09200000000001,4.07,-93.8,-89.73,109.361]
[129,1.4999999999999999E-2,-0.01,0.6,0.3,0,0.52400000000000002,12.691000000000001,12.167,7.0709999999999997,0,7.0709999999999997,1,-1.665,-0.66500000000000004,-7.7359999999999998,-199.09200000000001,4.07,-93.8,-89.73,109.361]
[130,1.4999999999999999E-2,-0.01,0.6,0.3,-0.8,0.52400000000000002,12.691000000000001,12.167,7.7910000000000004,-17.780999999999999,-9.9909999999999997,1.1020000000000001,-1.835,-0.73299999999999998,9.2579999999999991,-199.09200000000001,4.07,-93.8,-89.73,109.361]
[131,1.4999999999999999E-2,-0.01,0.6,0.3,-1.5,0.52400000000000002,12.691000000000001,12.167,8.42,-33.340000000000003,-24.92,1.1910000000000001,-1.9830000000000001,-0.79200000000000004,24.126999999999999,-199.09200000000001,4.07,-93.8,-89.73,109.361]
[132,1.4999999999999999E-2,-0.01,0.6,1,0,0.52400000000000002,-2.3180000000000001,-2.8420000000000001,6.4409999999999998,0,6.4409999999999998,0.91100000000000003,-1.5169999999999999,-0.60599999999999998,-7.0469999999999997,-199.09200000000001,4.07,-93.8,-89.73,109.361]
[133,1.4999999999999999E-2,-0.01,0.6,1,-0.8,0.52400000000000002,-2.3180000000000001,-2.8420000000000001,7.1609999999999996,-17.780999999999999,-10.62,1.0129999999999999,-1.6870000000000001,-0.67400000000000004,9.9469999999999992,-199.09200000000001,4.07,-93.8,-89.73,109.361]
[134,1.4999999999999999E-2,-0.01,0.6,1,-1.5,0.52400000000000002,-2.3180000000000001,-2.8420000000000001,7.7910000000000004,-33.340000000000003,-25.548999999999999,1.1020000000000001,-1.835,-0.73299999999999998,24.815999999999999,-199.09200000000001,4.07,-93.8,-89.73,109.361]
[135,1.4999999999999999E-2,0.01,0.05,0,0,-4.3999999999999997E-2,-1.5940000000000001,-1.55,-1.4159999999999999,0,-1.4159999999999999,-0.2,0.33300000000000002,0.13300000000000001,1.5489999999999999,15.801,-0.32300000000000001,7.444,7.1210000000000004,-8.6790000000000003]
[136,1.4999999999999999E-2,0.01,0.05,0,-0.8,-4.3999999999999997E-2,-1.5940000000000001,-1.55,-2.1349999999999998,17.780999999999999,15.646000000000001,-0.30199999999999999,0.503,0.20100000000000001,-15.445,15.801,-0.32300000000000001,7.444,7.1210000000000004,-8.6790000000000003]
[137,1.4999999999999999E-2,0.01,0.05,0,-1.5,-4.3999999999999997E-2,-1.5940000000000001,-1.55,-2.7650000000000001,33.340000000000003,30.574999999999999,-0.39100000000000001,0.65100000000000002,0.26,-30.315000000000001,15.801,-0.32300000000000001,7.444,7.1210000000000004,-8.6790000000000003]
[138,1.4999999999999999E-2,0.01,0.05,0.3,0,-4.3999999999999997E-2,4.8390000000000004,4.8819999999999997,-1.1459999999999999,0,-1.1459999999999999,-0.16200000000000001,0.27,0.108,1.254,15.801,-0.32300000000000001,7.444,7.1210000000000004,-8.6790000000000003]
[139,1.4999999999999999E-2,0.01,0.05,0.3,-0.8,-4.3999999999999997E-2,4.8390000000000004,4.8819999999999997,-1.8660000000000001,17.780999999999999,15.916,-0.26400000000000001,0.439,0.17599999999999999,-15.74,15.801,-0.32300000000000001,7.444,7.1210000000000004,-8.6790000000000003]
[140,1.4999999999999999E-2,0.01,0.05,0.3,-1.5,-4.3999999999999997E-2,4.8390000000000004,4.8819999999999997,-2.4950000000000001,33.340000000000003,30.844999999999999,-0.35299999999999998,0.58799999999999997,0.23499999999999999,-30.61,15.801,-0.32300000000000001,7.444,7.1210000000000004,-8.6790000000000003]
[141,1.4999999999999999E-2,0.01,0.05,1,0,-4.3999999999999997E-2,19.847999999999999,19.890999999999998,-0.51600000000000001,0,-0.51600000000000001,-7.2999999999999995E-2,0.122,4.9000000000000002E-2,0.56499999999999995,15.801,-0.32300000000000001,7.444,7.1210000000000004,-8.6790000000000003]
[142,1.4999999999999999E-2,0.01,0.05,1,-0.8,-4.3999999999999997E-2,19.847999999999999,19.890999999999998,-1.236,17.780999999999999,16.545000000000002,-0.17499999999999999,0.29099999999999998,0.11600000000000001,-16.428999999999998,15.801,-0.32300000000000001,7.444,7.1210000000000004,-8.6790000000000003]
[143,1.4999999999999999E-2,0.01,0.05,1,-1.5,-4.3999999999999997E-2,19.847999999999999,19.890999999999998,-1.8660000000000001,33.340000000000003,31.474,-0.26400000000000001,0.439,0.17599999999999999,-31.298999999999999,15.801,-0.32300000000000001,7.444,7.1210000000000004,-8.6790000000000003]
[144,1.4999999999999999E-2,0.01,0.2,0,0,-0.17499999999999999,-6.3739999999999997,-6.2,-2.6040000000000001,0,-2.6040000000000001,-0.36799999999999999,0.61299999999999999,0.245,2.8490000000000002,55.302999999999997,-1.1299999999999999,26.055,24.925000000000001,-30.378]
[145,1.4999999999999999E-2,0.01,0.2,0,-0.8,-0.17499999999999999,-6.3739999999999997,-6.2,-3.3239999999999998,17.780999999999999,14.457000000000001,-0.47,0.78300000000000003,0.313,-14.145,55.302999999999997,-1.1299999999999999,26.055,24.925000000000001,-30.378]
[146,1.4999999999999999E-2,0.01,0.2,0,-1.5,-0.17499999999999999,-6.3739999999999997,-6.2,-3.9529999999999998,33.340000000000003,29.385999999999999,-0.55900000000000005,0.93100000000000005,0.372,-29.013999999999999,55.302999999999997,-1.1299999999999999,26.055,24.925000000000001,-30.378]
[147,1.4999999999999999E-2,0.01,0.2,0.3,0,-0.17499999999999999,5.8000000000000003E-2,0.23300000000000001,-2.3340000000000001,0,-2.3340000000000001,-0.33,0.55000000000000004,0.22,2.5539999999999998,55.302999999999997,-1.1299999999999999,26.055,24.925000000000001,-30.378]
[148,1.4999999999999999E-2,0.01,0.2,0.3,-0.8,-0.17499999999999999,5.8000000000000003E-2,0.23300000000000001,-3.0539999999999998,17.780999999999999,14.727,-0.432,0.71899999999999997,0.28699999999999998,-14.44,55.302999999999997,-1.1299999999999999,26.055,24.925000000000001,-30.378]
[149,1.4999999999999999E-2,0.01,0.2,0.3,-1.5,-0.17499999999999999,5.8000000000000003E-2,0.23300000000000001,-3.6840000000000002,33.340000000000003,29.655999999999999,-0.52100000000000002,0.86799999999999999,0.34699999999999998,-29.31,55.302999999999997,-1.1299999999999999,26.055,24.925000000000001,-30.378]
[150,1.4999999999999999E-2,0.01,0.2,1,0,-0.17499999999999999,15.067,15.241,-1.7050000000000001,0,-1.7050000000000001,-0.24099999999999999,0.40200000000000002,0.16,1.865,55.302999999999997,-1.1299999999999999,26.055,24.925000000000001,-30.378]
[151,1.4999999999999999E-2,0.01,0.2,1,-0.8,-0.17499999999999999,15.067,15.241,-2.4239999999999999,17.780999999999999,15.356999999999999,-0.34300000000000003,0.57099999999999995,0.22800000000000001,-15.129,55.302999999999997,-1.1299999999999999,26.055,24.925000000000001,-30.378]
[152,1.4999999999999999E-2,0.01,0.2,1,-1.5,-0.17499999999999999,15.067,15.241,-3.0539999999999998,33.340000000000003,30.286000000000001,-0.432,0.71899999999999997,0.28699999999999998,-29.998000000000001,55.302999999999997,-1.1299999999999999,26.055,24.925000000000001,-30.378]
[153,1.4999999999999999E-2,0.01,0.6,0,0,-0.52400000000000002,-19.123000000000001,-18.599,-4.7439999999999998,0,-4.7439999999999998,-0.67100000000000004,1.117,0.44600000000000001,5.19,124.432,-2.544,58.625,56.081000000000003,-68.350999999999999]
[154,1.4999999999999999E-2,0.01,0.6,0,-0.8,-0.52400000000000002,-19.123000000000001,-18.599,-5.4630000000000001,17.780999999999999,12.318,-0.77300000000000002,1.2869999999999999,0.51400000000000001,-11.804,124.432,-2.544,58.625,56.081000000000003,-68.350999999999999]
[155,1.4999999999999999E-2,0.01,0.6,0,-1.5,-0.52400000000000002,-19.123000000000001,-18.599,-6.093,33.340000000000003,27.247,-0.86199999999999999,1.4350000000000001,0.57299999999999995,-26.673999999999999,124.432,-2.544,58.625,56.081000000000003,-68.350999999999999]
[156,1.4999999999999999E-2,0.01,0.6,0.3,0,-0.52400000000000002,-12.691000000000001,-12.167,-4.4740000000000002,0,-4.4740000000000002,-0.63300000000000001,1.054,0.42099999999999999,4.8949999999999996,124.432,-2.544,58.625,56.081000000000003,-68.350999999999999]
[157,1.4999999999999999E-2,0.01,0.6,0.3,-0.8,-0.52400000000000002,-12.691000000000001,-12.167,-5.1929999999999996,17.780999999999999,12.587999999999999,-0.73499999999999999,1.2230000000000001,0.48899999999999999,-12.099,124.432,-2.544,58.625,56.081000000000003,-68.350999999999999]
[158,1.4999999999999999E-2,0.01,0.6,0.3,-1.5,-0.52400000000000002,-12.691000000000001,-12.167,-5.8230000000000004,33.340000000000003,27.516999999999999,-0.82399999999999995,1.371,0.54800000000000004,-26.969000000000001,124.432,-2.544,58.625,56.081000000000003,-68.350999999999999]
[159,1.4999999999999999E-2,0.01,0.6,1,0,-0.52400000000000002,2.3180000000000001,2.8420000000000001,-3.8439999999999999,0,-3.8439999999999999,-0.54400000000000004,0.90500000000000003,0.36199999999999999,4.2060000000000004,124.432,-2.544,58.625,56.081000000000003,-68.350999999999999]
[160,1.4999999999999999E-2,0.01,0.6,1,-0.8,-0.52400000000000002,2.3180000000000001,2.8420000000000001,-4.5640000000000001,17.780999999999999,13.218,-0.64600000000000002,1.075,0.42899999999999999,-12.788,124.432,-2.544,58.625,56.081000000000003,-68.350999999999999]
[161,1.4999999999999999E-2,0.01,0.6,1,-1.5,-0.52400000000000002,2.3180000000000001,2.8420000000000001,-5.1929999999999996,33.340000000000003,28.146000000000001,-0.73499999999999999,1.2230000000000001,0.48899999999999999,-27.658000000000001,124.432,-2.544,58.625,56.081000000000003,-68.350999999999999]
[162,0.02,-0.02,0.05,0,0,8.6999999999999994E-2,3.1869999999999998,3.1,3.6869999999999998,0,3.6869999999999998,0.52100000000000002,-0.86799999999999999,-0.34699999999999998,-4.0330000000000004,-44.71,0.88800000000000001,-21.12,-20.231000000000002,24.478000000000002]
[163,0.02,-0.02,0.05,0,-0.8,8.6999999999999994E-2,3.1869999999999998,3.1,5.1260000000000003,-35.561999999999998,-30.437000000000001,0.72499999999999998,-1.2070000000000001,-0.48199999999999998,29.954000000000001,-44.71,0.88800000000000001,-21.12,-20.231000000000002,24.478000000000002]
[164,0.02,-0.02,0.05,0,-1.5,8.6999999999999994E-2,3.1869999999999998,3.1,6.3849999999999998,-66.680000000000007,-60.295000000000002,0.90300000000000002,-1.504,-0.60099999999999998,59.694000000000003,-44.71,0.88800000000000001,-21.12,-20.231000000000002,24.478000000000002]
[165,0.02,-0.02,0.05,0.3,0,8.6999999999999994E-2,-9.6780000000000008,-9.7650000000000006,3.1469999999999998,0,3.1469999999999998,0.44500000000000001,-0.74099999999999999,-0.29599999999999999,-3.4430000000000001,-44.71,0.88800000000000001,-21.12,-20.231000000000002,24.478000000000002]
[166,0.02,-0.02,0.05,0.3,-0.8,8.6999999999999994E-2,-9.6780000000000008,-9.7650000000000006,4.5860000000000003,-35.561999999999998,-30.975999999999999,0.64900000000000002,-1.08,-0.43099999999999999,30.545000000000002,-44.71,0.88800000000000001,-21.12,-20.231000000000002,24.478000000000002]
[167,0.02,-0.02,0.05,0.3,-1.5,8.6999999999999994E-2,-9.6780000000000008,-9.7650000000000006,5.8449999999999998,-66.680000000000007,-60.834000000000003,0.82699999999999996,-1.377,-0.55000000000000004,60.283999999999999,-44.71,0.88800000000000001,-21.12,-20.231000000000002,24.478000000000002]
[168,0.02,-0.02,0.05,1,0,8.6999999999999994E-2,-39.695,-39.781999999999996,1.8879999999999999,0,1.8879999999999999,0.26700000000000002,-0.44500000000000001,-0.17799999999999999,-2.0649999999999999,-44.71,0.88800000000000001,-21.12,-20.231000000000002,24.478000000000002]
[169,0.02,-0.02,0.05,1,-0.8,8.6999999999999994E-2,-39.695,-39.781999999999996,3.327,-35.561999999999998,-32.235999999999997,0.47099999999999997,-0.78400000000000003,-0.313,31.922999999999998,-44.71,0.88800000000000001,-21.12,-20.231000000000002,24.478000000000002]
[170,0.02,-0.02,0.05,1,-1.5,8.6999999999999994E-2,-39.695,-39.781999999999996,4.5860000000000003,-66.680000000000007,-62.093000000000004,0.64900000000000002,-1.08,-0.43099999999999999,61.661999999999999,-44.71,0.88800000000000001,-21.12,-20.231000000000002,24.478000000000002]
[171,0.02,-0.02,0.2,0,0,0.34899999999999998,12.749000000000001,12.4,7.3940000000000001,0,7.3940000000000001,1.046,-1.7410000000000001,-0.69599999999999995,-8.0890000000000004,-191.92500000000001,3.8140000000000001,-90.661000000000001,-86.846999999999994,105.078]
[172,0.02,-0.02,0.2,0,-0.8,0.34899999999999998,12.749000000000001,12.4,8.8330000000000002,-35.561999999999998,-26.73,1.2490000000000001,-2.08,-0.83099999999999996,25.899000000000001,-191.92500000000001,3.8140000000000001,-90.661000000000001,-86.846999999999994,105.078]
[173,0.02,-0.02,0.2,0,-1.5,0.34899999999999998,12.749000000000001,12.4,10.092000000000001,-66.680000000000007,-56.587000000000003,1.4279999999999999,-2.3769999999999998,-0.94899999999999995,55.637999999999998,-191.92500000000001,3.8140000000000001,-90.661000000000001,-86.846999999999994,105.078]
[174,0.02,-0.02,0.2,0.3,0,0.34899999999999998,-0.11600000000000001,-0.46500000000000002,6.8540000000000001,0,6.8540000000000001,0.96899999999999997,-1.6140000000000001,-0.64500000000000002,-7.4989999999999997,-191.92500000000001,3.8140000000000001,-90.661000000000001,-86.846999999999994,105.078]
[175,0.02,-0.02,0.2,0.3,-0.8,0.34899999999999998,-0.11600000000000001,-0.46500000000000002,8.2929999999999993,-35.561999999999998,-27.268999999999998,1.173,-1.9530000000000001,-0.78,26.489000000000001,-191.92500000000001,3.8140000000000001,-90.661000000000001,-86.846999999999994,105.078]
[176,0.02,-0.02,0.2,0.3,-1.5,0.34899999999999998,-0.11600000000000001,-0.46500000000000002,9.5519999999999996,-66.680000000000007,-57.127000000000002,1.351,-2.25,-0.89900000000000002,56.228000000000002,-191.92500000000001,3.8140000000000001,-90.661000000000001,-86.846999999999994,105.078]
[177,0.02,-0.02,0.2,1,0,0.34899999999999998,-30.134,-30.483000000000001,5.5949999999999998,0,5.5949999999999998,0.79100000000000004,-1.3180000000000001,-0.52600000000000002,-6.1210000000000004,-191.92500000000001,3.8140000000000001,-90.661000000000001,-86.846999999999994,105.078]
[178,0.02,-0.02,0.2,1,-0.8,0.34899999999999998,-30.134,-30.483000000000001,7.0339999999999998,-35.561999999999998,-28.527999999999999,0.995,-1.657,-0.66200000000000003,27.867000000000001,-191.92500000000001,3.8140000000000001,-90.661000000000001,-86.846999999999994,105.078]
[179,0.02,-0.02,0.2,1,-1.5,0.34899999999999998,-30.134,-30.483000000000001,8.2929999999999993,-66.680000000000007,-58.386000000000003,1.173,-1.9530000000000001,-0.78,57.606000000000002,-191.92500000000001,3.8140000000000001,-90.661000000000001,-86.846999999999994,105.078]
[180,0.02,-0.02,0.6,0,0,1.0469999999999999,38.246000000000002,37.198999999999998,18.757999999999999,0,18.757999999999999,2.653,-4.4180000000000001,-1.7649999999999999,-20.523,-680.46299999999997,13.522,-321.43599999999998,-307.91399999999999,372.54899999999998]
[181,0.02,-0.02,0.6,0,-0.8,1.0469999999999999,38.246000000000002,37.198999999999998,20.196999999999999,-35.561999999999998,-15.365,2.8570000000000002,-4.7569999999999997,-1.9,13.465,-680.46299999999997,13.522,-321.43599999999998,-307.91399999999999,372.54899999999998]
[182,0.02,-0.02,0.6,0,-1.5,1.0469999999999999,38.246000000000002,37.198999999999998,21.456,-66.680000000000007,-45.222999999999999,3.0350000000000001,-5.0540000000000003,-2.0190000000000001,43.204000000000001,-680.46299999999997,13.522,-321.43599999999998,-307.91399999999999,372.54899999999998]
[183,0.02,-0.02,0.6,0.3,0,1.0469999999999999,25.381,24.334,18.218,0,18.218,2.577,-4.2910000000000004,-1.714,-19.931999999999999,-680.46299999999997,13.522,-321.43599999999998,-307.91399999999999,372.54899999999998]
[184,0.02,-0.02,0.6,0.3,-0.8,1.0469999999999999,25.381,24.334,19.658000000000001,-35.561999999999998,-15.904999999999999,2.7810000000000001,-4.63,-1.849,14.055,-680.46299999999997,13.522,-321.43599999999998,-307.91399999999999,372.54899999999998]
[185,0.02,-0.02,0.6,0.3,-1.5,1.0469999999999999,25.381,24.334,20.917000000000002,-66.680000000000007,-45.762999999999998,2.9590000000000001,-4.9260000000000002,-1.968,43.795000000000002,-680.46299999999997,13.522,-321.43599999999998,-307.91399999999999,372.54899999999998]
[186,0.02,-0.02,0.6,1,0,1.0469999999999999,-4.6360000000000001,-5.6840000000000002,16.959,0,16.959,2.399,-3.9940000000000002,-1.595,-18.555,-680.46299999999997,13.522,-321.43599999999998,-307.91399999999999,372.54899999999998]
[187,0.02,-0.02,0.6,1,-0.8,1.0469999999999999,-4.6360000000000001,-5.6840000000000002,18.398,-35.561999999999998,-17.164000000000001,2.6019999999999999,-4.3330000000000002,-1.7310000000000001,15.433,-680.46299999999997,13.522,-321.43599999999998,-307.91399999999999,372.54899999999998]
[188,0.02,-0.02,0.6,1,-1.5,1.0469999999999999,-4.6360000000000001,-5.6840000000000002,19.658000000000001,-66.680000000000007,-47.021999999999998,2.7810000000000001,-4.63,-1.849,45.173000000000002,-680.46299999999997,13.522,-321.43599999999998,-307.91399999999999,372.54899999999998]
[189,0.02,-0.01,0.05,0,0,4.3999999999999997E-2,1.5940000000000001,1.55,1.6659999999999999,0,1.6659999999999999,0.23599999999999999,-0.39200000000000002,-0.157,-1.823,-21.81,0.433,-10.302,-9.8689999999999998,11.941000000000001]
[190,0.02,-0.01,0.05,0,-0.8,4.3999999999999997E-2,1.5940000000000001,1.55,2.3860000000000001,-17.780999999999999,-15.396000000000001,0.33700000000000002,-0.56200000000000006,-0.224,15.170999999999999,-21.81,0.433,-10.302,-9.8689999999999998,11.941000000000001]
[191,0.02,-0.01,0.05,0,-1.5,4.3999999999999997E-2,1.5940000000000001,1.55,3.0150000000000001,-33.340000000000003,-30.324999999999999,0.42599999999999999,-0.71,-0.28399999999999997,30.041,-21.81,0.433,-10.302,-9.8689999999999998,11.941000000000001]
[192,0.02,-0.01,0.05,0.3,0,4.3999999999999997E-2,-4.8390000000000004,-4.8819999999999997,1.3959999999999999,0,1.3959999999999999,0.19700000000000001,-0.32900000000000001,-0.13100000000000001,-1.528,-21.81,0.433,-10.302,-9.8689999999999998,11.941000000000001]
[193,0.02,-0.01,0.05,0.3,-0.8,4.3999999999999997E-2,-4.8390000000000004,-4.8819999999999997,2.1160000000000001,-17.780999999999999,-15.664999999999999,0.29899999999999999,-0.498,-0.19900000000000001,15.465999999999999,-21.81,0.433,-10.302,-9.8689999999999998,11.941000000000001]
[194,0.02,-0.01,0.05,0.3,-1.5,4.3999999999999997E-2,-4.8390000000000004,-4.8819999999999997,2.7450000000000001,-33.340000000000003,-30.594000000000001,0.38800000000000001,-0.64700000000000002,-0.25800000000000001,30.335999999999999,-21.81,0.433,-10.302,-9.8689999999999998,11.941000000000001]
[195,0.02,-0.01,0.05,1,0,4.3999999999999997E-2,-19.847999999999999,-19.890999999999998,0.76700000000000002,0,0.76700000000000002,0.108,-0.18099999999999999,-7.1999999999999995E-2,-0.83899999999999997,-21.81,0.433,-10.302,-9.8689999999999998,11.941000000000001]
[196,0.02,-0.01,0.05,1,-0.8,4.3999999999999997E-2,-19.847999999999999,-19.890999999999998,1.486,-17.780999999999999,-16.295000000000002,0.21,-0.35,-0.14000000000000001,16.155000000000001,-21.81,0.433,-10.302,-9.8689999999999998,11.941000000000001]
[197,0.02,-0.01,0.05,1,-1.5,4.3999999999999997E-2,-19.847999999999999,-19.890999999999998,2.1160000000000001,-33.340000000000003,-31.224,0.29899999999999999,-0.498,-0.19900000000000001,31.024999999999999,-21.81,0.433,-10.302,-9.8689999999999998,11.941000000000001]
[198,0.02,-0.01,0.2,0,0,0.17499999999999999,6.3739999999999997,6.2,3.254,0,3.254,0.46,-0.76600000000000001,-0.30599999999999999,-3.56,-87.239000000000004,1.734,-41.21,-39.475999999999999,47.762999999999998]
[199,0.02,-0.01,0.2,0,-0.8,0.17499999999999999,6.3739999999999997,6.2,3.9729999999999999,-17.780999999999999,-13.808,0.56200000000000006,-0.93600000000000005,-0.374,13.433999999999999,-87.239000000000004,1.734,-41.21,-39.475999999999999,47.762999999999998]
[200,0.02,-0.01,0.2,0,-1.5,0.17499999999999999,6.3739999999999997,6.2,4.6029999999999998,-33.340000000000003,-28.736999999999998,0.65100000000000002,-1.0840000000000001,-0.433,28.303999999999998,-87.239000000000004,1.734,-41.21,-39.475999999999999,47.762999999999998]
[201,0.02,-0.01,0.2,0.3,0,0.17499999999999999,-5.8000000000000003E-2,-0.23300000000000001,2.984,0,2.984,0.42199999999999999,-0.70299999999999996,-0.28100000000000003,-3.2639999999999998,-87.239000000000004,1.734,-41.21,-39.475999999999999,47.762999999999998]
[202,0.02,-0.01,0.2,0.3,-0.8,0.17499999999999999,-5.8000000000000003E-2,-0.23300000000000001,3.7029999999999998,-17.780999999999999,-14.077999999999999,0.52400000000000002,-0.872,-0.34799999999999998,13.728999999999999,-87.239000000000004,1.734,-41.21,-39.475999999999999,47.762999999999998]
[203,0.02,-0.01,0.2,0.3,-1.5,0.17499999999999999,-5.8000000000000003E-2,-0.23300000000000001,4.3330000000000002,-33.340000000000003,-29.007000000000001,0.61299999999999999,-1.0209999999999999,-0.40799999999999997,28.599,-87.239000000000004,1.734,-41.21,-39.475999999999999,47.762999999999998]
[204,0.02,-0.01,0.2,1,0,0.17499999999999999,-15.067,-15.241,2.3540000000000001,0,2.3540000000000001,0.33300000000000002,-0.55400000000000005,-0.221,-2.5760000000000001,-87.239000000000004,1.734,-41.21,-39.475999999999999,47.762999999999998]
[205,0.02,-0.01,0.2,1,-0.8,0.17499999999999999,-15.067,-15.241,3.0739999999999998,-17.780999999999999,-14.708,0.435,-0.72399999999999998,-0.28899999999999998,14.417999999999999,-87.239000000000004,1.734,-41.21,-39.475999999999999,47.762999999999998]
[206,0.02,-0.01,0.2,1,-1.5,0.17499999999999999,-15.067,-15.241,3.7029999999999998,-33.340000000000003,-29.635999999999999,0.52400000000000002,-0.872,-0.34799999999999998,29.288,-87.239000000000004,1.734,-41.21,-39.475999999999999,47.762999999999998]
[207,0.02,-0.01,0.6,0,0,0.52400000000000002,19.123000000000001,18.599,7.3410000000000002,0,7.3410000000000002,1.038,-1.7290000000000001,-0.69099999999999995,-8.0310000000000006,-261.71600000000001,5.2009999999999996,-123.629,-118.428,143.28800000000001]
[208,0.02,-0.01,0.6,0,-0.8,0.52400000000000002,19.123000000000001,18.599,8.06,-17.780999999999999,-9.7210000000000001,1.1399999999999999,-1.8979999999999999,-0.75800000000000001,8.9619999999999997,-261.71600000000001,5.2009999999999996,-123.629,-118.428,143.28800000000001]
[209,0.02,-0.01,0.6,0,-1.5,0.52400000000000002,19.123000000000001,18.599,8.69,-33.340000000000003,-24.65,1.2290000000000001,-2.0470000000000002,-0.81799999999999995,23.832000000000001,-261.71600000000001,5.2009999999999996,-123.629,-118.428,143.28800000000001]
[210,0.02,-0.01,0.6,0.3,0,0.52400000000000002,12.691000000000001,12.167,7.0709999999999997,0,7.0709999999999997,1,-1.665,-0.66500000000000004,-7.7359999999999998,-261.71600000000001,5.2009999999999996,-123.629,-118.428,143.28800000000001]
[211,0.02,-0.01,0.6,0.3,-0.8,0.52400000000000002,12.691000000000001,12.167,7.7910000000000004,-17.780999999999999,-9.9909999999999997,1.1020000000000001,-1.835,-0.73299999999999998,9.2579999999999991,-261.71600000000001,5.2009999999999996,-123.629,-118.428,143.28800000000001]
[212,0.02,-0.01,0.6,0.3,-1.5,0.52400000000000002,12.691000000000001,12.167,8.42,-33.340000000000003,-24.92,1.1910000000000001,-1.9830000000000001,-0.79200000000000004,24.126999999999999,-261.71600000000001,5.2009999999999996,-123.629,-118.428,143.28800000000001]
[213,0.02,-0.01,0.6,1,0,0.52400000000000002,-2.3180000000000001,-2.8420000000000001,6.4409999999999998,0,6.4409999999999998,0.91100000000000003,-1.5169999999999999,-0.60599999999999998,-7.0469999999999997,-261.71600000000001,5.2009999999999996,-123.629,-118.428,143.28800000000001]
[214,0.02,-0.01,0.6,1,-0.8,0.52400000000000002,-2.3180000000000001,-2.8420000000000001,7.1609999999999996,-17.780999999999999,-10.62,1.0129999999999999,-1.6870000000000001,-0.67400000000000004,9.9469999999999992,-261.71600000000001,5.2009999999999996,-123.629,-118.428,143.28800000000001]
[215,0.02,-0.01,0.6,1,-1.5,0.52400000000000002,-2.3180000000000001,-2.8420000000000001,7.7910000000000004,-33.340000000000003,-25.548999999999999,1.1020000000000001,-1.835,-0.73299999999999998,24.815999999999999,-261.71600000000001,5.2009999999999996,-123.629,-118.428,143.28800000000001]
[216,0.02,0.01,0.05,0,0,-4.3999999999999997E-2,-1.5940000000000001,-1.55,-1.4159999999999999,0,-1.4159999999999999,-0.2,0.33300000000000002,0.13300000000000001,1.5489999999999999,20.771000000000001,-0.41299999999999998,9.8119999999999994,9.3989999999999991,-11.372]
[217,0.02,0.01,0.05,0,-0.8,-4.3999999999999997E-2,-1.5940000000000001,-1.55,-2.1349999999999998,17.780999999999999,15.646000000000001,-0.30199999999999999,0.503,0.20100000000000001,-15.445,20.771000000000001,-0.41299999999999998,9.8119999999999994,9.3989999999999991,-11.372]
[218,0.02,0.01,0.05,0,-1.5,-4.3999999999999997E-2,-1.5940000000000001,-1.55,-2.7650000000000001,33.340000000000003,30.574999999999999,-0.39100000000000001,0.65100000000000002,0.26,-30.315000000000001,20.771000000000001,-0.41299999999999998,9.8119999999999994,9.3989999999999991,-11.372]
[219,0.02,0.01,0.05,0.3,0,-4.3999999999999997E-2,4.8390000000000004,4.8819999999999997,-1.1459999999999999,0,-1.1459999999999999,-0.16200000000000001,0.27,0.108,1.254,20.771000000000001,-0.41299999999999998,9.8119999999999994,9.3989999999999991,-11.372]
[220,0.02,0.01,0.05,0.3,-0.8,-4.3999999999999997E-2,4.8390000000000004,4.8819999999999997,-1.8660000000000001,17.780999999999999,15.916,-0.26400000000000001,0.439,0.17599999999999999,-15.74,20.771000000000001,-0.41299999999999998,9.8119999999999994,9.3989999999999991,-11.372]
[221,0.02,0.01,0.05,0.3,-1.5,-4.3999999999999997E-2,4.8390000000000004,4.8819999999999997,-2.4950000000000001,33.340000000000003,30.844999999999999,-0.35299999999999998,0.58799999999999997,0.23499999999999999,-30.61,20.771000000000001,-0.41299999999999998,9.8119999999999994,9.3989999999999991,-11.372]
[222,0.02,0.01,0.05,1,0,-4.3999999999999997E-2,19.847999999999999,19.890999999999998,-0.51600000000000001,0,-0.51600000000000001,-7.2999999999999995E-2,0.122,4.9000000000000002E-2,0.56499999999999995,20.771000000000001,-0.41299999999999998,9.8119999999999994,9.3989999999999991,-11.372]
[223,0.02,0.01,0.05,1,-0.8,-4.3999999999999997E-2,19.847999999999999,19.890999999999998,-1.236,17.780999999999999,16.545000000000002,-0.17499999999999999,0.29099999999999998,0.11600000000000001,-16.428999999999998,20.771000000000001,-0.41299999999999998,9.8119999999999994,9.3989999999999991,-11.372]
[224,0.02,0.01,0.05,1,-1.5,-4.3999999999999997E-2,19.847999999999999,19.890999999999998,-1.8660000000000001,33.340000000000003,31.474,-0.26400000000000001,0.439,0.17599999999999999,-31.298999999999999,20.771000000000001,-0.41299999999999998,9.8119999999999994,9.3989999999999991,-11.372]
[225,0.02,0.01,0.2,0,0,-0.17499999999999999,-6.3739999999999997,-6.2,-2.6040000000000001,0,-2.6040000000000001,-0.36799999999999999,0.61299999999999999,0.245,2.8490000000000002,72.698999999999998,-1.4450000000000001,34.341000000000001,32.896999999999998,-39.802]
[226,0.02,0.01,0.2,0,-0.8,-0.17499999999999999,-6.3739999999999997,-6.2,-3.3239999999999998,17.780999999999999,14.457000000000001,-0.47,0.78300000000000003,0.313,-14.145,72.698999999999998,-1.4450000000000001,34.341000000000001,32.896999999999998,-39.802]
[227,0.02,0.01,0.2,0,-1.5,-0.17499999999999999,-6.3739999999999997,-6.2,-3.9529999999999998,33.340000000000003,29.385999999999999,-0.55900000000000005,0.93100000000000005,0.372,-29.013999999999999,72.698999999999998,-1.4450000000000001,34.341000000000001,32.896999999999998,-39.802]
[228,0.02,0.01,0.2,0.3,0,-0.17499999999999999,5.8000000000000003E-2,0.23300000000000001,-2.3340000000000001,0,-2.3340000000000001,-0.33,0.55000000000000004,0.22,2.5539999999999998,72.698999999999998,-1.4450000000000001,34.341000000000001,32.896999999999998,-39.802]
[229,0.02,0.01,0.2,0.3,-0.8,-0.17499999999999999,5.8000000000000003E-2,0.23300000000000001,-3.0539999999999998,17.780999999999999,14.727,-0.432,0.71899999999999997,0.28699999999999998,-14.44,72.698999999999998,-1.4450000000000001,34.341000000000001,32.896999999999998,-39.802]
[230,0.02,0.01,0.2,0.3,-1.5,-0.17499999999999999,5.8000000000000003E-2,0.23300000000000001,-3.6840000000000002,33.340000000000003,29.655999999999999,-0.52100000000000002,0.86799999999999999,0.34699999999999998,-29.31,72.698999999999998,-1.4450000000000001,34.341000000000001,32.896999999999998,-39.802]
[231,0.02,0.01,0.2,1,0,-0.17499999999999999,15.067,15.241,-1.7050000000000001,0,-1.7050000000000001,-0.24099999999999999,0.40200000000000002,0.16,1.865,72.698999999999998,-1.4450000000000001,34.341000000000001,32.896999999999998,-39.802]
[232,0.02,0.01,0.2,1,-0.8,-0.17499999999999999,15.067,15.241,-2.4239999999999999,17.780999999999999,15.356999999999999,-0.34300000000000003,0.57099999999999995,0.22800000000000001,-15.129,72.698999999999998,-1.4450000000000001,34.341000000000001,32.896999999999998,-39.802]
[233,0.02,0.01,0.2,1,-1.5,-0.17499999999999999,15.067,15.241,-3.0539999999999998,33.340000000000003,30.286000000000001,-0.432,0.71899999999999997,0.28699999999999998,-29.998000000000001,72.698999999999998,-1.4450000000000001,34.341000000000001,32.896999999999998,-39.802]
[234,0.02,0.01,0.6,0,0,-0.52400000000000002,-19.123000000000001,-18.599,-4.7439999999999998,0,-4.7439999999999998,-0.67100000000000004,1.117,0.44600000000000001,5.19,163.57300000000001,-3.2509999999999999,77.268000000000001,74.018000000000001,-89.555000000000007]
[235,0.02,0.01,0.6,0,-0.8,-0.52400000000000002,-19.123000000000001,-18.599,-5.4630000000000001,17.780999999999999,12.318,-0.77300000000000002,1.2869999999999999,0.51400000000000001,-11.804,163.57300000000001,-3.2509999999999999,77.268000000000001,74.018000000000001,-89.555000000000007]
[236,0.02,0.01,0.6,0,-1.5,-0.52400000000000002,-19.123000000000001,-18.599,-6.093,33.340000000000003,27.247,-0.86199999999999999,1.4350000000000001,0.57299999999999995,-26.673999999999999,163.57300000000001,-3.2509999999999999,77.268000000000001,74.018000000000001,-89.555000000000007]
[237,0.02,0.01,0.6,0.3,0,-0.52400000000000002,-12.691000000000001,-12.167,-4.4740000000000002,0,-4.4740000000000002,-0.63300000000000001,1.054,0.42099999999999999,4.8949999999999996,163.57300000000001,-3.2509999999999999,77.268000000000001,74.018000000000001,-89.555000000000007]
[238,0.02,0.01,0.6,0.3,-0.8,-0.52400000000000002,-12.691000000000001,-12.167,-5.1929999999999996,17.780999999999999,12.587999999999999,-0.73499999999999999,1.2230000000000001,0.48899999999999999,-12.099,163.57300000000001,-3.2509999999999999,77.268000000000001,74.018000000000001,-89.555000000000007]
[239,0.02,0.01,0.6,0.3,-1.5,-0.52400000000000002,-12.691000000000001,-12.167,-5.8230000000000004,33.340000000000003,27.516999999999999,-0.82399999999999995,1.371,0.54800000000000004,-26.969000000000001,163.57300000000001,-3.2509999999999999,77.268000000000001,74.018000000000001,-89.555000000000007]
[240,0.02,0.01,0.6,1,0,-0.52400000000000002,2.3180000000000001,2.8420000000000001,-3.8439999999999999,0,-3.8439999999999999,-0.54400000000000004,0.90500000000000003,0.36199999999999999,4.2060000000000004,163.57300000000001,-3.2509999999999999,77.268000000000001,74.018000000000001,-89.555000000000007]
[241,0.02,0.01,0.6,1,-0.8,-0.52400000000000002,2.3180000000000001,2.8420000000000001,-4.5640000000000001,17.780999999999999,13.218,-0.64600000000000002,1.075,0.42899999999999999,-12.788,163.57300000000001,-3.2509999999999999,77.268000000000001,74.018000000000001,-89.555000000000007]
[242,0.02,0.01,0.6,1,-1.5,-0.52400000000000002,2.3180000000000001,2.8420000000000001,-5.1929999999999996,33.340000000000003,28.146000000000001,-0.73499999999999999,1.2230000000000001,0.48899999999999999,-27.658000000000001,163.57300000000001,-3.2509999999999999,77.268000000000001,74.018000000000001,-89.555000000000007]

{"sheet":"eliminate_OLA_results","index":3,"n_rows":28,"n_cols":19,"rows_kept":28,"cut":false,"hidden":true,"merged":[]}
[null,"prob_crisis","OLA_fraction","OLA_effect","direct_revenues_total","direct_outlays_total","direct_primary_deficit","noncrisis_revenues_gdp_growth","noncrisis_revenues_financing_mix","noncrisis_revenues_total","noncrisis_outlays_noninterest","noncrisis_outlays_interest","noncrisis_outlays_total","noncrisis_primary_deficit","crisis_revenues_total","crisis_outlays_noninterest","crisis_outlays_interest","crisis_outlays_total","crisis_primary_deficit"]
[0,0.01,0,0.1,5.819,19.504999999999999,13.686,0,0,0,0,0,0,0,22.437999999999999,-0.47099999999999997,10.544,10.071999999999999,-12.366]
[1,0.01,0,0,5.819,19.504999999999999,13.686,0,0,0,0,0,0,0,0,0,0,0,0]
[2,0.01,0,-0.1,5.819,19.504999999999999,13.686,0,0,0,0,0,0,0,-22.437999999999999,0.47099999999999997,-10.544,-10.071999999999999,12.366]
[3,0.01,0.33300000000000002,0.1,5.819,19.504999999999999,13.686,0,0,0,0,0,0,0,-63.716999999999999,3.9449999999999998,-2.407,1.538,65.254999999999995]
[4,0.01,0.33300000000000002,0,5.819,19.504999999999999,13.686,0,0,0,0,0,0,0,-95.727999999999994,4.907,-14.39,-9.4830000000000005,86.245000000000005]
[5,0.01,0.33300000000000002,-0.1,5.819,19.504999999999999,13.686,0,0,0,0,0,0,0,-127.739,5.87,-26.373000000000001,-20.503,107.236]
[6,0.01,0.5,0.1,5.819,19.504999999999999,13.686,0,0,0,0,0,0,0,-106.794,6.1539999999999999,-8.8829999999999991,-2.7290000000000001,104.065]
[7,0.01,0.5,0,5.819,19.504999999999999,13.686,0,0,0,0,0,0,0,-143.59200000000001,7.3609999999999998,-21.585000000000001,-14.224,129.36799999999999]
[8,0.01,0.5,-0.1,5.819,19.504999999999999,13.686,0,0,0,0,0,0,0,-180.38900000000001,8.5690000000000008,-34.287999999999997,-25.719000000000001,154.66999999999999]
[9,1.4999999999999999E-2,0,0.1,5.819,19.504999999999999,13.686,0,0,0,0,0,0,0,33.182000000000002,-0.67800000000000005,15.632999999999999,14.955,-18.227]
[10,1.4999999999999999E-2,0,0,5.819,19.504999999999999,13.686,0,0,0,0,0,0,0,0,0,0,0,0]
[11,1.4999999999999999E-2,0,-0.1,5.819,19.504999999999999,13.686,0,0,0,0,0,0,0,-33.182000000000002,0.67800000000000005,-15.632999999999999,-14.955,18.227]
[12,1.4999999999999999E-2,0.33300000000000002,0.1,5.819,19.504999999999999,13.686,0,0,0,0,0,0,0,-94.492999999999995,5.827,-3.6259999999999999,2.202,96.694999999999993]
[13,1.4999999999999999E-2,0.33300000000000002,0,5.819,19.504999999999999,13.686,0,0,0,0,0,0,0,-141.86099999999999,7.2290000000000001,-21.399000000000001,-14.17,127.691]
[14,1.4999999999999999E-2,0.33300000000000002,-0.1,5.819,19.504999999999999,13.686,0,0,0,0,0,0,0,-189.22900000000001,8.6300000000000008,-39.171999999999997,-30.542000000000002,158.68700000000001]
[15,1.4999999999999999E-2,0.5,0.1,5.819,19.504999999999999,13.686,0,0,0,0,0,0,0,-158.33099999999999,9.08,-13.255000000000001,-4.1749999999999998,154.15600000000001]
[16,1.4999999999999999E-2,0.5,0,5.819,19.504999999999999,13.686,0,0,0,0,0,0,0,-212.792,10.843,-32.097999999999999,-21.254999999999999,191.53700000000001]
[17,1.4999999999999999E-2,0.5,-0.1,5.819,19.504999999999999,13.686,0,0,0,0,0,0,0,-267.25299999999999,12.605,-50.941000000000003,-38.335999999999999,228.917]
[18,0.02,0,0.1,5.819,19.504999999999999,13.686,0,0,0,0,0,0,0,43.619,-0.86699999999999999,20.605,19.738,-23.881]
[19,0.02,0,0,5.819,19.504999999999999,13.686,0,0,0,0,0,0,0,0,0,0,0,0]
[20,0.02,0,-0.1,5.819,19.504999999999999,13.686,0,0,0,0,0,0,0,-43.619,0.86699999999999999,-20.605,-19.738,23.881]
[21,0.02,0.33300000000000002,0.1,5.819,19.504999999999999,13.686,0,0,0,0,0,0,0,-124.571,7.6509999999999998,-4.8529999999999998,2.798,127.369]
[22,0.02,0.33300000000000002,0,5.819,19.504999999999999,13.686,0,0,0,0,0,0,0,-186.87799999999999,9.4640000000000004,-28.286000000000001,-18.821999999999999,168.05600000000001]
[23,0.02,0.33300000000000002,-0.1,5.819,19.504999999999999,13.686,0,0,0,0,0,0,0,-249.185,11.278,-51.72,-40.442,208.74299999999999]
[24,0.02,0.5,0.1,5.819,19.504999999999999,13.686,0,0,0,0,0,0,0,-208.666,11.91,-17.581,-5.6710000000000003,202.995]
[25,0.02,0.5,0,5.819,19.504999999999999,13.686,0,0,0,0,0,0,0,-280.31700000000001,14.196,-42.429000000000002,-28.233000000000001,252.084]
[26,0.02,0.5,-0.1,5.819,19.504999999999999,13.686,0,0,0,0,0,0,0,-351.96800000000002,16.483000000000001,-67.277000000000001,-50.793999999999997,301.17399999999998]

{"sheet":"repeal_ATR_results","index":4,"n_rows":28,"n_cols":17,"rows_kept":28,"cut":false,"hidden":true,"merged":[]}
[null,"prob_crisis","ATR_effect","housing_tax","direct_revenues_total","direct_outlays_total","direct_primary_deficit","noncrisis_revenues_total","noncrisis_outlays_noninterest","noncrisis_outlays_interest","noncrisis_outlays_total","noncrisis_primary_deficit","crisis_revenues_total","crisis_outlays_noninterest","crisis_outlays_interest","crisis_outlays_total","crisis_primary_deficit"]
[0,0.01,0,-0.05,0,0,0,-0.89600000000000002,0,0,0,0.89600000000000002,0,0,0,0,0]
[1,0.01,0,0.04,0,0,0,0.71699999999999997,0,0,0,-0.71699999999999997,0,0,0,0,0]
[2,0.01,0,0.1,0,0,0,1.7929999999999999,0,0,0,-1.7929999999999999,0,0,0,0,0]
[3,0.01,0.01,-0.05,5.8000000000000003E-2,0.48499999999999999,0.42599999999999999,-0.89600000000000002,0,0,0,0.89600000000000002,-2.2440000000000002,4.7E-2,-1.054,-1.0069999999999999,1.2370000000000001]
[4,0.01,0.01,0.04,5.8000000000000003E-2,0.48499999999999999,0.42599999999999999,0.71699999999999997,0,0,0,-0.71699999999999997,-2.2440000000000002,4.7E-2,-1.054,-1.0069999999999999,1.2370000000000001]
[5,0.01,0.01,0.1,5.8000000000000003E-2,0.48499999999999999,0.42599999999999999,1.7929999999999999,0,0,0,-1.7929999999999999,-2.2440000000000002,4.7E-2,-1.054,-1.0069999999999999,1.2370000000000001]
[6,0.01,0.02,-0.05,0.11600000000000001,0.96899999999999997,0.85299999999999998,-0.89600000000000002,0,0,0,0.89600000000000002,-4.4880000000000004,9.4E-2,-2.109,-2.0139999999999998,2.4729999999999999]
[7,0.01,0.02,0.04,0.11600000000000001,0.96899999999999997,0.85299999999999998,0.71699999999999997,0,0,0,-0.71699999999999997,-4.4880000000000004,9.4E-2,-2.109,-2.0139999999999998,2.4729999999999999]
[8,0.01,0.02,0.1,0.11600000000000001,0.96899999999999997,0.85299999999999998,1.7929999999999999,0,0,0,-1.7929999999999999,-4.4880000000000004,9.4E-2,-2.109,-2.0139999999999998,2.4729999999999999]
[9,1.4999999999999999E-2,0,-0.05,0,0,0,-0.89600000000000002,0,0,0,0.89600000000000002,0,0,0,0,0]
[10,1.4999999999999999E-2,0,0.04,0,0,0,0.71699999999999997,0,0,0,-0.71699999999999997,0,0,0,0,0]
[11,1.4999999999999999E-2,0,0.1,0,0,0,1.7929999999999999,0,0,0,-1.7929999999999999,0,0,0,0,0]
[12,1.4999999999999999E-2,0.01,-0.05,5.8000000000000003E-2,0.48499999999999999,0.42599999999999999,-0.89600000000000002,0,0,0,0.89600000000000002,-3.3180000000000001,6.8000000000000005E-2,-1.5629999999999999,-1.496,1.823]
[13,1.4999999999999999E-2,0.01,0.04,5.8000000000000003E-2,0.48499999999999999,0.42599999999999999,0.71699999999999997,0,0,0,-0.71699999999999997,-3.3180000000000001,6.8000000000000005E-2,-1.5629999999999999,-1.496,1.823]
[14,1.4999999999999999E-2,0.01,0.1,5.8000000000000003E-2,0.48499999999999999,0.42599999999999999,1.7929999999999999,0,0,0,-1.7929999999999999,-3.3180000000000001,6.8000000000000005E-2,-1.5629999999999999,-1.496,1.823]
[15,1.4999999999999999E-2,0.02,-0.05,0.11600000000000001,0.96899999999999997,0.85299999999999998,-0.89600000000000002,0,0,0,0.89600000000000002,-6.6360000000000001,0.13600000000000001,-3.1269999999999998,-2.9910000000000001,3.645]
[16,1.4999999999999999E-2,0.02,0.04,0.11600000000000001,0.96899999999999997,0.85299999999999998,0.71699999999999997,0,0,0,-0.71699999999999997,-6.6360000000000001,0.13600000000000001,-3.1269999999999998,-2.9910000000000001,3.645]
[17,1.4999999999999999E-2,0.02,0.1,0.11600000000000001,0.96899999999999997,0.85299999999999998,1.7929999999999999,0,0,0,-1.7929999999999999,-6.6360000000000001,0.13600000000000001,-3.1269999999999998,-2.9910000000000001,3.645]
[18,0.02,0,-0.05,0,0,0,-0.89600000000000002,0,0,0,0.89600000000000002,0,0,0,0,0]
[19,0.02,0,0.04,0,0,0,0.71699999999999997,0,0,0,-0.71699999999999997,0,0,0,0,0]
[20,0.02,0,0.1,0,0,0,1.7929999999999999,0,0,0,-1.7929999999999999,0,0,0,0,0]
[21,0.02,0.01,-0.05,5.8000000000000003E-2,0.48499999999999999,0.42599999999999999,-0.89600000000000002,0,0,0,0.89600000000000002,-4.3620000000000001,8.6999999999999994E-2,-2.06,-1.974,2.3879999999999999]
[22,0.02,0.01,0.04,5.8000000000000003E-2,0.48499999999999999,0.42599999999999999,0.71699999999999997,0,0,0,-0.71699999999999997,-4.3620000000000001,8.6999999999999994E-2,-2.06,-1.974,2.3879999999999999]
[23,0.02,0.01,0.1,5.8000000000000003E-2,0.48499999999999999,0.42599999999999999,1.7929999999999999,0,0,0,-1.7929999999999999,-4.3620000000000001,8.6999999999999994E-2,-2.06,-1.974,2.3879999999999999]
[24,0.02,0.02,-0.05,0.11600000000000001,0.96899999999999997,0.85299999999999998,-0.89600000000000002,0,0,0,0.89600000000000002,-8.7240000000000002,0.17299999999999999,-4.1210000000000004,-3.948,4.7759999999999998]
[25,0.02,0.02,0.04,0.11600000000000001,0.96899999999999997,0.85299999999999998,0.71699999999999997,0,0,0,-0.71699999999999997,-8.7240000000000002,0.17299999999999999,-4.1210000000000004,-3.948,4.7759999999999998]
[26,0.02,0.02,0.1,0.11600000000000001,0.96899999999999997,0.85299999999999998,1.7929999999999999,0,0,0,-1.7929999999999999,-8.7240000000000002,0.17299999999999999,-4.1210000000000004,-3.948,4.7759999999999998]